CRAN Package Check Results for Package lmridge

Last updated on 2022-09-27 21:53:53 CEST.

Flavor Version Tinstall Tcheck Ttotal Status Flags
r-devel-linux-x86_64-debian-clang 1.2.1 3.19 40.19 43.38 NOTE
r-devel-linux-x86_64-debian-gcc 1.2.1 2.49 30.17 32.66 NOTE
r-devel-linux-x86_64-fedora-clang 1.2.1 66.46 NOTE
r-devel-linux-x86_64-fedora-gcc 1.2.1 62.88 NOTE
r-devel-windows-x86_64 1.2.1 20.00 70.00 90.00 NOTE
r-patched-linux-x86_64 1.2.1 4.47 36.97 41.44 OK
r-release-linux-x86_64 1.2.1 3.40 37.37 40.77 OK
r-release-macos-arm64 1.2.1 20.00 OK
r-release-macos-x86_64 1.2.1 28.00 OK
r-release-windows-x86_64 1.2.1 10.00 63.00 73.00 OK
r-oldrel-macos-arm64 1.2.1 19.00 OK
r-oldrel-macos-x86_64 1.2.1 30.00 OK
r-oldrel-windows-ix86+x86_64 1.2.1 7.00 49.00 56.00 OK

Check Details

Version: 1.2.1
Check: Rd files
Result: NOTE
    checkRd: (-1) hatr.Rd:30: Escaped LaTeX specials: \&
Flavors: r-devel-linux-x86_64-debian-clang, r-devel-linux-x86_64-debian-gcc, r-devel-linux-x86_64-fedora-clang, r-devel-linux-x86_64-fedora-gcc, r-devel-windows-x86_64