CRAN Package Check Results for Package locStra

Last updated on 2020-10-25 20:47:56 CET.

Flavor Version Tinstall Tcheck Ttotal Status Flags
r-devel-linux-x86_64-debian-clang 1.4 45.49 67.65 113.14 OK
r-devel-linux-x86_64-debian-gcc 1.4 36.11 49.89 86.00 OK
r-devel-linux-x86_64-fedora-clang 1.4 153.17 NOTE
r-devel-linux-x86_64-fedora-gcc 1.4 136.44 OK
r-devel-windows-ix86+x86_64 1.4 94.00 126.00 220.00 OK
r-patched-linux-x86_64 1.4 44.15 60.61 104.76 OK
r-patched-solaris-x86 1.4 156.00 OK
r-release-linux-x86_64 1.4 43.24 60.87 104.11 OK
r-release-macos-x86_64 1.4 NOTE
r-release-windows-ix86+x86_64 1.4 76.00 95.00 171.00 OK
r-oldrel-macos-x86_64 1.4 NOTE
r-oldrel-windows-ix86+x86_64 1.4 84.00 86.00 170.00 OK

Check Details

Version: 1.4
Check: installed package size
Result: NOTE
     installed size is 12.4Mb
     sub-directories of 1Mb or more:
     libs 12.2Mb
Flavors: r-devel-linux-x86_64-fedora-clang, r-release-macos-x86_64, r-oldrel-macos-x86_64