CRAN Package Check Results for Package localICE

Last updated on 2024-07-18 11:53:01 CEST.

Flavor Version Tinstall Tcheck Ttotal Status Flags
r-devel-linux-x86_64-debian-clang 0.1.1 5.18 54.65 59.83 NOTE
r-devel-linux-x86_64-debian-gcc 0.1.1 4.37 41.16 45.53 NOTE
r-devel-linux-x86_64-fedora-clang 0.1.1 73.94 NOTE
r-devel-linux-x86_64-fedora-gcc 0.1.1 71.02 NOTE
r-devel-windows-x86_64 0.1.1 7.00 59.00 66.00 NOTE
r-patched-linux-x86_64 0.1.1 4.68 52.04 56.72 NOTE
r-release-linux-x86_64 0.1.1 5.01 52.50 57.51 NOTE
r-release-macos-arm64 0.1.1 25.00 NOTE
r-release-macos-x86_64 0.1.1 40.00 NOTE
r-release-windows-x86_64 0.1.1 7.00 61.00 68.00 NOTE
r-oldrel-macos-arm64 0.1.1 29.00 NOTE
r-oldrel-macos-x86_64 0.1.1 39.00 NOTE
r-oldrel-windows-x86_64 0.1.1 7.00 66.00 73.00 NOTE

Check Details

Version: 0.1.1
Check: LazyData
Result: NOTE 'LazyData' is specified without a 'data' directory Flavors: r-devel-linux-x86_64-debian-clang, r-devel-linux-x86_64-debian-gcc, r-devel-linux-x86_64-fedora-clang, r-devel-linux-x86_64-fedora-gcc, r-devel-windows-x86_64, r-patched-linux-x86_64, r-release-linux-x86_64, r-release-macos-arm64, r-release-macos-x86_64, r-release-windows-x86_64, r-oldrel-macos-arm64, r-oldrel-macos-x86_64, r-oldrel-windows-x86_64

Version: 0.1.1
Check: dependencies in R code
Result: NOTE Namespace in Imports field not imported from: ‘checkmate’ All declared Imports should be used. Flavors: r-devel-linux-x86_64-fedora-clang, r-devel-linux-x86_64-fedora-gcc