CRAN Package Check Results for Package localgauss

Last updated on 2024-06-23 00:56:39 CEST.

Flavor Version Tinstall Tcheck Ttotal Status Flags
r-devel-linux-x86_64-debian-clang 0.41 10.71 51.06 61.77 OK
r-devel-linux-x86_64-debian-gcc 0.41 7.61 40.55 48.16 OK
r-devel-linux-x86_64-fedora-clang 0.41 75.25 NOTE
r-devel-linux-x86_64-fedora-gcc 0.41 73.12 NOTE
r-devel-windows-x86_64 0.41 13.00 67.00 80.00 OK
r-patched-linux-x86_64 0.41 7.49 49.35 56.84 OK
r-release-linux-x86_64 0.41 6.93 49.05 55.98 OK
r-release-macos-arm64 0.41 30.00 OK
r-release-macos-x86_64 0.41 43.00 OK
r-release-windows-x86_64 0.41 13.00 68.00 81.00 OK
r-oldrel-macos-arm64 0.41 31.00 OK
r-oldrel-macos-x86_64 0.41 43.00 OK
r-oldrel-windows-x86_64 0.41 15.00 77.00 92.00 OK

Check Details

Version: 0.41
Check: compiled code
Result: NOTE File ‘localgauss/libs/localgauss.so’: Found no calls to: ‘R_registerRoutines’, ‘R_useDynamicSymbols’ It is good practice to register native routines and to disable symbol search. See ‘Writing portable packages’ in the ‘Writing R Extensions’ manual. Flavors: r-devel-linux-x86_64-fedora-clang, r-devel-linux-x86_64-fedora-gcc