CRAN Package Check Results for Package localgauss

Last updated on 2021-06-15 11:50:13 CEST.

Flavor Version Tinstall Tcheck Ttotal Status Flags
r-devel-linux-x86_64-debian-clang 0.40 4.74 25.34 30.08 OK
r-devel-linux-x86_64-debian-gcc 0.40 3.61 20.14 23.75 OK
r-devel-linux-x86_64-fedora-clang 0.40 45.83 NOTE
r-devel-linux-x86_64-fedora-gcc 0.40 35.39 NOTE
r-devel-windows-x86_64 0.40 9.00 48.00 57.00 OK
r-devel-windows-x86_64-gcc10-UCRT 0.40 OK
r-patched-linux-x86_64 0.40 4.19 24.50 28.69 OK
r-patched-solaris-x86 0.40 65.40 OK
r-release-linux-x86_64 0.40 4.66 24.76 29.42 OK
r-release-macos-arm64 0.40 OK
r-release-macos-x86_64 0.40 OK
r-release-windows-ix86+x86_64 0.40 14.00 55.00 69.00 OK
r-oldrel-macos-x86_64 0.40 OK
r-oldrel-windows-ix86+x86_64 0.40 11.00 58.00 69.00 OK

Check Details

Version: 0.40
Check: compiled code
Result: NOTE
    File ‘localgauss/libs/localgauss.so’:
     Found no calls to: ‘R_registerRoutines’, ‘R_useDynamicSymbols’
    
    It is good practice to register native routines and to disable symbol
    search.
    
    See ‘Writing portable packages’ in the ‘Writing R Extensions’ manual.
Flavors: r-devel-linux-x86_64-fedora-clang, r-devel-linux-x86_64-fedora-gcc