CRAN Package Check Results for Package locationgamer

Last updated on 2021-05-15 16:48:22 CEST.

Flavor Version Tinstall Tcheck Ttotal Status Flags
r-devel-linux-x86_64-debian-clang 0.1.0 2.24 24.66 26.90 NOTE
r-devel-linux-x86_64-debian-gcc 0.1.0 1.61 19.33 20.94 NOTE
r-devel-linux-x86_64-fedora-clang 0.1.0 42.66 NOTE
r-devel-linux-x86_64-fedora-gcc 0.1.0 32.38 NOTE
r-devel-windows-ix86+x86_64 0.1.0 7.00 41.00 48.00 NOTE
r-devel-windows-x86_64-gcc10-UCRT 0.1.0 NOTE
r-patched-linux-x86_64 0.1.0 2.42 24.20 26.62 NOTE
r-patched-solaris-x86 0.1.0 47.30 NOTE
r-release-linux-x86_64 0.1.0 2.37 23.90 26.27 OK
r-release-macos-x86_64 0.1.0 OK
r-release-windows-ix86+x86_64 0.1.0 4.00 41.00 45.00 OK
r-oldrel-macos-x86_64 0.1.0 OK
r-oldrel-windows-ix86+x86_64 0.1.0 4.00 55.00 59.00 OK

Check Details

Version: 0.1.0
Check: LazyData
Result: NOTE
     'LazyData' is specified without a 'data' directory
Flavors: r-devel-linux-x86_64-debian-clang, r-devel-linux-x86_64-debian-gcc, r-devel-linux-x86_64-fedora-clang, r-devel-linux-x86_64-fedora-gcc, r-devel-windows-ix86+x86_64, r-devel-windows-x86_64-gcc10-UCRT, r-patched-linux-x86_64, r-patched-solaris-x86