CRAN Package Check Results for Package locationgamer

Last updated on 2021-10-22 08:50:52 CEST.

Flavor Version Tinstall Tcheck Ttotal Status Flags
r-devel-linux-x86_64-debian-clang 0.1.0 2.35 23.67 26.02 NOTE
r-devel-linux-x86_64-debian-gcc 0.1.0 1.71 18.82 20.53 NOTE
r-devel-linux-x86_64-fedora-clang 0.1.0 43.09 NOTE
r-devel-linux-x86_64-fedora-gcc 0.1.0 32.38 NOTE
r-devel-windows-x86_64 0.1.0 4.00 45.00 49.00 NOTE
r-devel-windows-x86_64-gcc10-UCRT 0.1.0 NOTE
r-patched-linux-x86_64 0.1.0 2.46 23.17 25.63 NOTE
r-patched-solaris-x86 0.1.0 48.00 NOTE
r-release-linux-x86_64 0.1.0 2.22 22.81 25.03 NOTE
r-release-macos-arm64 0.1.0 NOTE
r-release-macos-x86_64 0.1.0 NOTE
r-release-windows-ix86+x86_64 0.1.0 6.00 42.00 48.00 NOTE
r-oldrel-macos-x86_64 0.1.0 OK
r-oldrel-windows-ix86+x86_64 0.1.0 5.00 46.00 51.00 OK

Check Details

Version: 0.1.0
Check: LazyData
Result: NOTE
     'LazyData' is specified without a 'data' directory
Flavors: r-devel-linux-x86_64-debian-clang, r-devel-linux-x86_64-debian-gcc, r-devel-linux-x86_64-fedora-clang, r-devel-linux-x86_64-fedora-gcc, r-devel-windows-x86_64, r-devel-windows-x86_64-gcc10-UCRT, r-patched-linux-x86_64, r-patched-solaris-x86, r-release-linux-x86_64, r-release-macos-arm64, r-release-macos-x86_64, r-release-windows-ix86+x86_64