CRAN Package Check Results for Package locfit

Last updated on 2021-09-20 15:52:53 CEST.

Flavor Version Tinstall Tcheck Ttotal Status Flags
r-devel-linux-x86_64-debian-clang 1.5-9.4 25.19 51.23 76.42 OK
r-devel-linux-x86_64-debian-gcc 1.5-9.4 13.98 39.59 53.57 OK
r-devel-linux-x86_64-fedora-clang 1.5-9.4 100.30 OK
r-devel-linux-x86_64-fedora-gcc 1.5-9.4 86.03 OK
r-devel-windows-x86_64 1.5-9.4 36.00 63.00 99.00 OK
r-devel-windows-x86_64-gcc10-UCRT 1.5-9.4 ERROR
r-patched-linux-x86_64 1.5-9.4 20.03 49.75 69.78 OK
r-patched-solaris-x86 1.5-9.4 117.50 OK
r-release-linux-x86_64 1.5-9.4 17.71 49.53 67.24 OK
r-release-macos-arm64 1.5-9.4 OK
r-release-macos-x86_64 1.5-9.4 OK
r-release-windows-ix86+x86_64 1.5-9.4 77.00 64.00 141.00 OK
r-oldrel-macos-x86_64 1.5-9.4 OK
r-oldrel-windows-ix86+x86_64 1.5-9.4 76.00 65.00 141.00 OK

Check Details

Version: 1.5-9.4
Check: whether package can be installed
Result: ERROR
    Installation failed.
Flavor: r-devel-windows-x86_64-gcc10-UCRT