CRAN Package Check Results for Package locits

Last updated on 2019-03-23 09:48:02 CET.

Flavor Version Tinstall Tcheck Ttotal Status Flags
r-devel-linux-x86_64-debian-clang 1.7.3 5.84 47.25 53.09 OK
r-devel-linux-x86_64-debian-gcc 1.7.3 4.42 37.65 42.07 OK
r-devel-linux-x86_64-fedora-clang 1.7.3 62.93 NOTE
r-devel-linux-x86_64-fedora-gcc 1.7.3 61.15 NOTE
r-devel-windows-ix86+x86_64 1.7.3 21.00 97.00 118.00 OK
r-patched-linux-x86_64 1.7.3 5.00 44.89 49.89 OK
r-patched-solaris-x86 1.7.3 93.90 OK
r-release-linux-x86_64 1.7.3 0.36 2.37 2.73 ERROR
r-release-windows-ix86+x86_64 1.7.3 10.00 78.00 88.00 OK
r-release-osx-x86_64 1.7.3 OK
r-oldrel-windows-ix86+x86_64 1.7.3 11.00 99.00 110.00 OK
r-oldrel-osx-x86_64 1.7.3 OK

Check Details

Version: 1.7.3
Check: compiled code
Result: NOTE
    File ‘locits/libs/locits.so’:
     Found no calls to: ‘R_registerRoutines’, ‘R_useDynamicSymbols’
    
    It is good practice to register native routines and to disable symbol
    search.
    
    See ‘Writing portable packages’ in the ‘Writing R Extensions’ manual.
Flavors: r-devel-linux-x86_64-fedora-clang, r-devel-linux-x86_64-fedora-gcc

Version: 1.7.3
Check: whether package can be installed
Result: ERROR
    Installation failed.
Flavor: r-release-linux-x86_64