CRAN Package Check Results for Package locits

Last updated on 2019-05-24 19:47:46 CEST.

Flavor Version Tinstall Tcheck Ttotal Status Flags
r-devel-linux-x86_64-debian-clang 1.7.3 5.51 47.06 52.57 OK
r-devel-linux-x86_64-debian-gcc 1.7.3 4.28 37.72 42.00 OK
r-devel-linux-x86_64-fedora-clang 1.7.3 63.63 NOTE
r-devel-linux-x86_64-fedora-gcc 1.7.3 61.28 NOTE
r-devel-windows-ix86+x86_64 1.7.3 12.00 87.00 99.00 OK
r-patched-linux-x86_64 1.7.3 OK
r-patched-solaris-x86 1.7.3 100.00 OK
r-release-linux-x86_64 1.7.3 4.72 47.33 52.05 OK
r-release-windows-ix86+x86_64 1.7.3 15.00 85.00 100.00 OK
r-release-osx-x86_64 1.7.3 OK
r-oldrel-windows-ix86+x86_64 1.7.3 13.00 77.00 90.00 OK
r-oldrel-osx-x86_64 1.7.3 OK

Check Details

Version: 1.7.3
Check: compiled code
Result: NOTE
    File ‘locits/libs/locits.so’:
     Found no calls to: ‘R_registerRoutines’, ‘R_useDynamicSymbols’
    
    It is good practice to register native routines and to disable symbol
    search.
    
    See ‘Writing portable packages’ in the ‘Writing R Extensions’ manual.
Flavors: r-devel-linux-x86_64-fedora-clang, r-devel-linux-x86_64-fedora-gcc