CRAN Package Check Results for Package locpolExpectile

Last updated on 2021-10-16 06:48:15 CEST.

Flavor Version Tinstall Tcheck Ttotal Status Flags
r-devel-linux-x86_64-debian-clang 0.1.1 17.21 138.33 155.54 OK
r-devel-linux-x86_64-debian-gcc 0.1.1 11.39 102.31 113.70 OK
r-devel-linux-x86_64-fedora-clang 0.1.1 190.55 NOTE
r-devel-linux-x86_64-fedora-gcc 0.1.1 179.95 NOTE
r-devel-windows-x86_64 0.1.1 35.00 145.00 180.00 OK
r-devel-windows-x86_64-gcc10-UCRT 0.1.1 NOTE
r-patched-linux-x86_64 0.1.1 18.05 129.60 147.65 OK
r-patched-solaris-x86 0.1.1 257.10 NOTE
r-release-linux-x86_64 0.1.1 15.23 129.70 144.93 OK
r-release-macos-arm64 0.1.1 NOTE
r-release-macos-x86_64 0.1.1 NOTE
r-release-windows-ix86+x86_64 0.1.1 48.00 233.00 281.00 OK
r-oldrel-macos-x86_64 0.1.1 NOTE
r-oldrel-windows-ix86+x86_64 0.1.1 55.00 241.00 296.00 OK

Check Details

Version: 0.1.1
Check: dependencies in R code
Result: NOTE
    Namespace in Imports field not imported from: ‘lestat’
     All declared Imports should be used.
Flavors: r-devel-linux-x86_64-fedora-clang, r-devel-linux-x86_64-fedora-gcc, r-devel-windows-x86_64-gcc10-UCRT, r-patched-solaris-x86, r-release-macos-arm64, r-release-macos-x86_64, r-oldrel-macos-x86_64