CRAN Package Check Results for Package loe

Last updated on 2021-11-27 23:51:28 CET.

Flavor Version Tinstall Tcheck Ttotal Status Flags
r-devel-linux-x86_64-debian-clang 1.1 OK
r-devel-linux-x86_64-debian-gcc 1.1 2.47 22.35 24.82 OK
r-devel-linux-x86_64-fedora-clang 1.1 50.20 NOTE
r-devel-linux-x86_64-fedora-gcc 1.1 40.25 NOTE
r-devel-windows-x86_64-new-UL 1.1 10.00 68.00 78.00 OK
r-devel-windows-x86_64-new-TK 1.1 OK
r-devel-windows-x86_64-old 1.1 6.00 50.00 56.00 OK
r-patched-linux-x86_64 1.1 3.60 27.60 31.20 OK
r-patched-solaris-x86 1.1 61.70 OK
r-release-linux-x86_64 1.1 OK
r-release-macos-arm64 1.1 OK
r-release-macos-x86_64 1.1 OK
r-release-windows-ix86+x86_64 1.1 9.00 50.00 59.00 OK
r-oldrel-macos-x86_64 1.1 OK
r-oldrel-windows-ix86+x86_64 1.1 7.00 64.00 71.00 OK

Check Details

Version: 1.1
Check: compiled code
Result: NOTE
    File ‘loe/libs/loe.so’:
     Found no calls to: ‘R_registerRoutines’, ‘R_useDynamicSymbols’
    
    It is good practice to register native routines and to disable symbol
    search.
    
    See ‘Writing portable packages’ in the ‘Writing R Extensions’ manual.
Flavors: r-devel-linux-x86_64-fedora-clang, r-devel-linux-x86_64-fedora-gcc