CRAN Package Check Results for Package loe

Last updated on 2024-04-24 13:55:37 CEST.

Flavor Version Tinstall Tcheck Ttotal Status Flags
r-devel-linux-x86_64-debian-clang 1.1 3.56 33.98 37.54 NOTE
r-devel-linux-x86_64-debian-gcc 1.1 2.76 26.16 28.92 NOTE
r-devel-linux-x86_64-fedora-clang 1.1 47.10 NOTE
r-devel-linux-x86_64-fedora-gcc 1.1 45.66 NOTE
r-devel-windows-x86_64 1.1 6.00 51.00 57.00 NOTE
r-patched-linux-x86_64 1.1 4.10 32.11 36.21 NOTE
r-release-linux-x86_64 1.1 3.37 30.46 33.83 OK
r-release-macos-arm64 1.1 22.00 OK
r-release-windows-x86_64 1.1 6.00 49.00 55.00 NOTE
r-oldrel-macos-arm64 1.1 19.00 OK
r-oldrel-macos-x86_64 1.1 28.00 OK
r-oldrel-windows-x86_64 1.1 6.00 56.00 62.00 OK

Check Details

Version: 1.1
Check: Rd contents
Result: NOTE Argument items with no description in Rd file 'spec.emb.Rd': ‘A’ Flavors: r-devel-linux-x86_64-debian-clang, r-devel-linux-x86_64-debian-gcc, r-devel-linux-x86_64-fedora-clang, r-devel-linux-x86_64-fedora-gcc, r-devel-windows-x86_64, r-patched-linux-x86_64, r-release-windows-x86_64

Version: 1.1
Check: compiled code
Result: NOTE File ‘loe/libs/loe.so’: Found no calls to: ‘R_registerRoutines’, ‘R_useDynamicSymbols’ It is good practice to register native routines and to disable symbol search. See ‘Writing portable packages’ in the ‘Writing R Extensions’ manual. Flavors: r-devel-linux-x86_64-fedora-clang, r-devel-linux-x86_64-fedora-gcc