CRAN Package Check Results for Package lofifonts

Last updated on 2025-01-25 07:50:30 CET.

Flavor Version Tinstall Tcheck Ttotal Status Flags
r-devel-linux-x86_64-debian-clang 0.1.3 13.01 95.50 108.51 NOTE
r-devel-linux-x86_64-debian-gcc 0.1.3 10.33 62.37 72.70 NOTE
r-devel-linux-x86_64-fedora-clang 0.1.3 194.46 OK
r-devel-linux-x86_64-fedora-gcc 0.1.3 195.89 NOTE
r-devel-windows-x86_64 0.1.3 13.00 104.00 117.00 OK
r-patched-linux-x86_64 0.1.3 14.05 89.40 103.45 OK
r-release-linux-x86_64 0.1.3 12.87 88.56 101.43 OK
r-release-macos-arm64 0.1.3 76.00 OK
r-release-macos-x86_64 0.1.3 147.00 OK
r-release-windows-x86_64 0.1.3 14.00 101.00 115.00 OK
r-oldrel-macos-arm64 0.1.3 65.00 OK
r-oldrel-macos-x86_64 0.1.3 115.00 OK
r-oldrel-windows-x86_64 0.1.3 14.00 123.00 137.00 OK

Check Details

Version: 0.1.3
Check: DESCRIPTION meta-information
Result: NOTE Missing dependency on R >= 4.1.0 because package code uses the pipe |> or function shorthand \(...) syntax added in R 4.1.0. File(s) using such syntax: ‘bittermelon.R’ Flavors: r-devel-linux-x86_64-debian-clang, r-devel-linux-x86_64-debian-gcc, r-devel-linux-x86_64-fedora-gcc