CRAN Package Check Results for Package logbin

Last updated on 2021-07-30 21:50:46 CEST.

Flavor Version Tinstall Tcheck Ttotal Status Flags
r-devel-linux-x86_64-debian-clang 2.0.4 NOTE
r-devel-linux-x86_64-debian-gcc 2.0.4 8.28 73.07 81.35 NOTE
r-devel-linux-x86_64-fedora-clang 2.0.4 137.15 NOTE
r-devel-linux-x86_64-fedora-gcc 2.0.4 126.06 NOTE
r-devel-windows-x86_64 2.0.4 11.00 117.00 128.00 NOTE
r-devel-windows-x86_64-gcc10-UCRT 2.0.4 NOTE
r-patched-linux-x86_64 2.0.4 NOTE
r-patched-solaris-x86 2.0.4 172.00 NOTE
r-release-linux-x86_64 2.0.4 8.95 92.70 101.65 NOTE
r-release-macos-arm64 2.0.4 NOTE
r-release-macos-x86_64 2.0.4 NOTE
r-release-windows-ix86+x86_64 2.0.4 22.00 87.00 109.00 NOTE
r-oldrel-macos-x86_64 2.0.4 OK
r-oldrel-windows-ix86+x86_64 2.0.4 17.00 115.00 132.00 OK

Check Details

Version: 2.0.4
Check: LazyData
Result: NOTE
     'LazyData' is specified without a 'data' directory
Flavors: r-devel-linux-x86_64-debian-clang, r-devel-linux-x86_64-debian-gcc, r-devel-linux-x86_64-fedora-clang, r-devel-linux-x86_64-fedora-gcc, r-devel-windows-x86_64, r-devel-windows-x86_64-gcc10-UCRT, r-patched-linux-x86_64, r-patched-solaris-x86, r-release-linux-x86_64, r-release-macos-arm64, r-release-macos-x86_64, r-release-windows-ix86+x86_64