CRAN Package Check Results for Package logbin

Last updated on 2024-07-18 16:49:09 CEST.

Flavor Version Tinstall Tcheck Ttotal Status Flags
r-devel-linux-x86_64-debian-clang 2.0.5 9.99 96.12 106.11 OK
r-devel-linux-x86_64-debian-gcc 2.0.5 6.59 71.02 77.61 OK
r-devel-linux-x86_64-fedora-clang 2.0.5 130.61 OK
r-devel-linux-x86_64-fedora-gcc 2.0.5 122.01 OK
r-devel-windows-x86_64 2.0.5 9.00 84.00 93.00 NOTE
r-patched-linux-x86_64 2.0.5 14.52 89.48 104.00 OK
r-release-linux-x86_64 2.0.5 8.87 93.44 102.31 OK
r-release-macos-arm64 2.0.5 39.00 OK
r-release-macos-x86_64 2.0.5 60.00 OK
r-release-windows-x86_64 2.0.5 9.00 84.00 93.00 OK
r-oldrel-macos-arm64 2.0.5 44.00 OK
r-oldrel-macos-x86_64 2.0.5 60.00 OK
r-oldrel-windows-x86_64 2.0.5 12.00 99.00 111.00 OK

Check Details

Version: 2.0.5
Check: Rd cross-references
Result: NOTE Found the following Rd file(s) with Rd \link{} targets missing package anchors: logbin-package.Rd: glm2-package Please provide package anchors for all Rd \link{} targets not in the package itself and the base packages. Flavor: r-devel-windows-x86_64