CRAN Package Check Results for Package logcondens.mode

Last updated on 2019-10-14 00:47:43 CEST.

Flavor Version Tinstall Tcheck Ttotal Status Flags
r-devel-linux-x86_64-debian-clang 1.0.1 8.87 79.17 88.04 NOTE
r-devel-linux-x86_64-debian-gcc 1.0.1 9.17 61.39 70.56 NOTE
r-devel-linux-x86_64-fedora-clang 1.0.1 106.90 NOTE
r-devel-linux-x86_64-fedora-gcc 1.0.1 100.78 NOTE
r-devel-windows-ix86+x86_64 1.0.1 16.00 114.00 130.00 NOTE
r-patched-linux-x86_64 1.0.1 9.83 76.68 86.51 NOTE
r-patched-solaris-x86 1.0.1 148.50 NOTE
r-release-linux-x86_64 1.0.1 8.10 76.73 84.83 NOTE
r-release-windows-ix86+x86_64 1.0.1 26.00 87.00 113.00 NOTE
r-release-osx-x86_64 1.0.1 NOTE
r-oldrel-windows-ix86+x86_64 1.0.1 13.00 85.00 98.00 NOTE
r-oldrel-osx-x86_64 1.0.1 NOTE

Check Details

Version: 1.0.1
Check: DESCRIPTION meta-information
Result: NOTE
    Malformed Title field: should not end in a period.
Flavors: r-devel-linux-x86_64-debian-clang, r-devel-linux-x86_64-debian-gcc, r-devel-linux-x86_64-fedora-clang, r-devel-linux-x86_64-fedora-gcc, r-devel-windows-ix86+x86_64, r-patched-linux-x86_64, r-patched-solaris-x86, r-release-linux-x86_64, r-release-windows-ix86+x86_64, r-release-osx-x86_64, r-oldrel-windows-ix86+x86_64, r-oldrel-osx-x86_64

Version: 1.0.1
Check: dependencies in R code
Result: NOTE
    Package in Depends field not imported from: 'logcondens'
     These packages need to be imported from (in the NAMESPACE file)
     for when this namespace is loaded but not attached.
Flavors: r-devel-linux-x86_64-debian-clang, r-devel-linux-x86_64-debian-gcc, r-devel-windows-ix86+x86_64, r-patched-linux-x86_64, r-release-linux-x86_64, r-release-windows-ix86+x86_64, r-oldrel-windows-ix86+x86_64

Version: 1.0.1
Check: R code for possible problems
Result: NOTE
    LCLRCImode: no visible global function definition for 'preProcess'
    Local_LL.mode: no visible global function definition for 'Local_LL'
    MLE.mode: no visible global function definition for 'LocalNormalize'
    MLE.mode: no visible global function definition for 'Local_LL'
    MLE.mode: no visible global function definition for 'LocalF'
    activeSetLogCon: no visible global function definition for 'preProcess'
    activeSetLogCon: no visible global function definition for
     'LocalNormalize'
    activeSetLogCon: no visible global function definition for 'LocalMLE'
    activeSetLogCon: no visible global function definition for
     'LocalConvexity'
    activeSetLogCon: no visible global function definition for 'LocalF'
    activeSetLogCon : phi.f: no visible global function definition for
     'evaluateLogConDens'
    activeSetLogCon : fhat.f: no visible global function definition for
     'evaluateLogConDens'
    activeSetLogCon : Fhat.f: no visible global function definition for
     'evaluateLogConDens'
    activeSetLogCon: no visible global function definition for 'stepfun'
    activeSetLogCon: no visible global function definition for 'tail'
    activeSetLogCon.mode: no visible global function definition for
     'preProcess'
    activeSetLogCon.mode: no visible global function definition for
     'LocalNormalize'
    activeSetLogCon.mode: no visible global function definition for
     'LocalF'
    activeSetLogCon.mode : phi.f: no visible global function definition for
     'evaluateLogConDens'
    activeSetLogCon.mode : fhat.f: no visible global function definition
     for 'evaluateLogConDens'
    activeSetLogCon.mode : Fhat.f: no visible global function definition
     for 'evaluateLogConDens'
    activeSetLogCon.mode: no visible global function definition for
     'stepfun'
    activeSetLogCon.mode: no visible global function definition for 'tail'
    estimateLRdistn: no visible binding for global variable 'rnorm'
    estimateLRdistn: no visible global function definition for 'preProcess'
    intECDFfn : Y: no visible global function definition for 'intECDF'
    intFfn: multiple local function definitions for 'H' with different
     formal arguments
    logConDens: no visible global function definition for
     'evaluateLogConDens'
    x2z: no visible global function definition for 'LocalNormalize'
    Undefined global functions or variables:
     LocalConvexity LocalF LocalMLE LocalNormalize Local_LL
     evaluateLogConDens intECDF preProcess rnorm stepfun tail
    Consider adding
     importFrom("stats", "rnorm", "stepfun")
     importFrom("utils", "tail")
    to your NAMESPACE file.
Flavors: r-devel-linux-x86_64-debian-clang, r-devel-linux-x86_64-debian-gcc, r-devel-linux-x86_64-fedora-clang, r-devel-linux-x86_64-fedora-gcc, r-devel-windows-ix86+x86_64, r-patched-linux-x86_64, r-patched-solaris-x86, r-release-linux-x86_64, r-release-windows-ix86+x86_64, r-release-osx-x86_64, r-oldrel-windows-ix86+x86_64, r-oldrel-osx-x86_64

Version: 1.0.1
Check: dependencies in R code
Result: NOTE
    Namespace in Imports field not imported from: ‘distr’
     All declared Imports should be used.
    Package in Depends field not imported from: ‘logcondens’
     These packages need to be imported from (in the NAMESPACE file)
     for when this namespace is loaded but not attached.
Flavors: r-devel-linux-x86_64-fedora-clang, r-devel-linux-x86_64-fedora-gcc, r-patched-solaris-x86, r-release-osx-x86_64, r-oldrel-osx-x86_64