CRAN Package Check Results for Package logisticPCA

Last updated on 2020-04-08 23:51:28 CEST.

Flavor Version Tinstall Tcheck Ttotal Status Flags
r-devel-linux-x86_64-debian-clang 0.2 3.37 55.67 59.04 OK
r-devel-linux-x86_64-debian-gcc 0.2 3.03 41.42 44.45 OK
r-devel-linux-x86_64-fedora-clang 0.2 71.55 NOTE
r-devel-linux-x86_64-fedora-gcc 0.2 76.04 NOTE
r-devel-windows-ix86+x86_64 0.2 12.00 122.00 134.00 OK
r-devel-windows-ix86+x86_64-gcc8 0.2 12.00 86.00 98.00 OK
r-patched-linux-x86_64 0.2 3.91 52.16 56.07 OK
r-patched-solaris-x86 0.2 111.70 OK
r-release-linux-x86_64 0.2 3.47 49.89 53.36 OK
r-release-windows-ix86+x86_64 0.2 9.00 119.00 128.00 OK
r-release-osx-x86_64 0.2 OK
r-oldrel-windows-ix86+x86_64 0.2 11.00 83.00 94.00 OK
r-oldrel-osx-x86_64 0.2 OK

Check Details

Version: 0.2
Check: compiled code
Result: NOTE
    File ‘logisticPCA/libs/logisticPCA.so’:
     Found no calls to: ‘R_registerRoutines’, ‘R_useDynamicSymbols’
    
    It is good practice to register native routines and to disable symbol
    search.
    
    See ‘Writing portable packages’ in the ‘Writing R Extensions’ manual.
Flavors: r-devel-linux-x86_64-fedora-clang, r-devel-linux-x86_64-fedora-gcc