CRAN Package Check Results for Package logisticRR

Last updated on 2020-03-30 09:51:32 CEST.

Flavor Version Tinstall Tcheck Ttotal Status Flags
r-devel-linux-x86_64-debian-clang 0.2.0 3.92 47.80 51.72 WARN
r-devel-linux-x86_64-debian-gcc 0.2.0 3.08 35.52 38.60 WARN
r-devel-linux-x86_64-fedora-clang 0.2.0 59.58 WARN
r-devel-linux-x86_64-fedora-gcc 0.2.0 60.25 WARN
r-devel-windows-ix86+x86_64 0.2.0 10.00 57.00 67.00 WARN
r-devel-windows-ix86+x86_64-gcc8 0.2.0 8.00 61.00 69.00 WARN
r-patched-linux-x86_64 0.2.0 3.94 46.84 50.78 WARN
r-patched-solaris-x86 0.2.0 85.60 WARN
r-release-linux-x86_64 0.2.0 2.48 267.50 269.98 OK
r-release-windows-ix86+x86_64 0.2.0 10.00 363.00 373.00 OK
r-release-osx-x86_64 0.2.0 OK
r-oldrel-windows-ix86+x86_64 0.2.0 6.00 364.00 370.00 OK
r-oldrel-osx-x86_64 0.2.0 OK

Check Details

Version: 0.2.0
Check: re-building of vignette outputs
Result: WARN
    Error(s) in re-building vignettes:
     ...
    --- re-building 'logisticRR.Rmd' using rmarkdown
    Quitting from lines 162-169 (logisticRR.Rmd)
    Error: processing vignette 'logisticRR.Rmd' failed with diagnostics:
    subscript out of bounds
    --- failed re-building 'logisticRR.Rmd'
    
    SUMMARY: processing the following file failed:
     'logisticRR.Rmd'
    
    Error: Vignette re-building failed.
    Execution halted
Flavors: r-devel-linux-x86_64-debian-clang, r-devel-linux-x86_64-debian-gcc, r-patched-linux-x86_64

Version: 0.2.0
Check: re-building of vignette outputs
Result: WARN
    Error(s) in re-building vignettes:
    --- re-building ‘logisticRR.Rmd’ using rmarkdown
    Warning in engine$weave(file, quiet = quiet, encoding = enc) :
     The vignette engine knitr::rmarkdown is not available, because the rmarkdown package is not installed. Please install it.
    Quitting from lines 162-169 (logisticRR.Rmd)
    Error: processing vignette 'logisticRR.Rmd' failed with diagnostics:
    subscript out of bounds
    --- failed re-building ‘logisticRR.Rmd’
    
    SUMMARY: processing the following file failed:
     ‘logisticRR.Rmd’
    
    Error: Vignette re-building failed.
    Execution halted
Flavors: r-devel-linux-x86_64-fedora-clang, r-devel-windows-ix86+x86_64, r-devel-windows-ix86+x86_64-gcc8

Version: 0.2.0
Check: re-building of vignette outputs
Result: WARN
    Error(s) in re-building vignettes:
    --- re-building ‘logisticRR.Rmd’ using rmarkdown
    Quitting from lines 162-169 (logisticRR.Rmd)
    Error: processing vignette 'logisticRR.Rmd' failed with diagnostics:
    subscript out of bounds
    --- failed re-building ‘logisticRR.Rmd’
    
    SUMMARY: processing the following file failed:
     ‘logisticRR.Rmd’
    
    Error: Vignette re-building failed.
    Execution halted
Flavor: r-devel-linux-x86_64-fedora-gcc

Version: 0.2.0
Check: re-building of vignette outputs
Result: WARN
    Error(s) in re-building vignettes:
     ...
    --- re-building ‘logisticRR.Rmd’ using rmarkdown
    Warning in engine$weave(file, quiet = quiet, encoding = enc) :
     The vignette engine knitr::rmarkdown is not available, because the rmarkdown package is not installed. Please install it.
    Quitting from lines 162-169 (logisticRR.Rmd)
    Error: processing vignette 'logisticRR.Rmd' failed with diagnostics:
    subscript out of bounds
    --- failed re-building ‘logisticRR.Rmd’
    
    SUMMARY: processing the following file failed:
     ‘logisticRR.Rmd’
    
    Error: Vignette re-building failed.
    Execution halted
Flavor: r-patched-solaris-x86