CRAN Package Check Results for Package logr

Last updated on 2021-04-20 03:48:48 CEST.

Flavor Version Tinstall Tcheck Ttotal Status Flags
r-devel-linux-x86_64-debian-clang 1.2.1 2.03 30.24 32.27 NOTE
r-devel-linux-x86_64-debian-gcc 1.2.1 1.65 23.90 25.55 NOTE
r-devel-linux-x86_64-fedora-clang 1.2.1 49.18 NOTE
r-devel-linux-x86_64-fedora-gcc 1.2.1 42.60 NOTE
r-devel-windows-ix86+x86_64 1.2.1 5.00 38.00 43.00 NOTE
r-devel-windows-x86_64-gcc10-UCRT 1.2.1 NOTE
r-patched-linux-x86_64 1.2.1 2.27 29.51 31.78 OK
r-patched-solaris-x86 1.2.1 58.50 OK
r-release-linux-x86_64 1.2.1 2.12 29.56 31.68 OK
r-release-macos-x86_64 1.2.1 OK
r-release-windows-ix86+x86_64 1.2.1 6.00 41.00 47.00 OK
r-oldrel-macos-x86_64 1.2.1 ERROR
r-oldrel-windows-ix86+x86_64 1.1.1 3.00 31.00 34.00 OK

Check Details

Version: 1.2.1
Check: LazyData
Result: NOTE
     'LazyData' is specified without a 'data' directory
Flavors: r-devel-linux-x86_64-debian-clang, r-devel-linux-x86_64-debian-gcc, r-devel-linux-x86_64-fedora-clang, r-devel-linux-x86_64-fedora-gcc, r-devel-windows-ix86+x86_64, r-devel-windows-x86_64-gcc10-UCRT

Version: 1.2.1
Check: whether package can be installed
Result: ERROR
    Installation failed.
Flavor: r-oldrel-macos-x86_64