CRAN Package Check Results for Package logspline

Last updated on 2021-09-20 14:51:03 CEST.

Flavor Version Tinstall Tcheck Ttotal Status Flags
r-devel-linux-x86_64-debian-clang 2.1.16 12.81 27.03 39.84 OK
r-devel-linux-x86_64-debian-gcc 2.1.16 8.42 21.01 29.43 OK
r-devel-linux-x86_64-fedora-clang 2.1.16 59.46 OK
r-devel-linux-x86_64-fedora-gcc 2.1.16 45.70 OK
r-devel-windows-x86_64 2.1.16 12.00 35.00 47.00 OK
r-devel-windows-x86_64-gcc10-UCRT 2.1.16 ERROR
r-patched-linux-x86_64 2.1.16 9.46 26.29 35.75 OK
r-patched-solaris-x86 2.1.16 62.40 OK
r-release-linux-x86_64 2.1.16 10.82 26.00 36.82 OK
r-release-macos-arm64 2.1.16 OK
r-release-macos-x86_64 2.1.16 OK
r-release-windows-ix86+x86_64 2.1.16 26.00 44.00 70.00 OK
r-oldrel-macos-x86_64 2.1.16 OK
r-oldrel-windows-ix86+x86_64 2.1.16 23.00 38.00 61.00 OK

Check Details

Version: 2.1.16
Check: whether package can be installed
Result: ERROR
    Installation failed.
Flavor: r-devel-windows-x86_64-gcc10-UCRT