CRAN Package Check Results for Package lokern

Last updated on 2019-12-15 19:48:42 CET.

Flavor Version Tinstall Tcheck Ttotal Status Flags
r-devel-linux-x86_64-debian-clang 1.1-8 4.59 26.73 31.32 OK
r-devel-linux-x86_64-debian-gcc 1.1-8 3.72 21.46 25.18 OK
r-devel-linux-x86_64-fedora-clang 1.1-8 40.30 NOTE
r-devel-linux-x86_64-fedora-gcc 1.1-8 38.12 NOTE
r-devel-windows-ix86+x86_64 1.1-8 14.00 67.00 81.00 OK
r-devel-windows-ix86+x86_64-gcc8 1.1-8 13.00 67.00 80.00 OK
r-patched-linux-x86_64 1.1-8 3.71 24.66 28.37 OK
r-patched-solaris-x86 1.1-8 49.60 OK --no-tests
r-release-linux-x86_64 1.1-8 3.73 24.63 28.36 OK
r-release-windows-ix86+x86_64 1.1-8 14.00 49.00 63.00 OK
r-release-osx-x86_64 1.1-8 OK
r-oldrel-windows-ix86+x86_64 1.1-8 11.00 66.00 77.00 OK
r-oldrel-osx-x86_64 1.1-8 OK

Additional issues

LTO valgrind

Check Details

Version: 1.1-8
Check: compiled code
Result: NOTE
    File ‘lokern/libs/lokern.so’:
     Found no calls to: ‘R_registerRoutines’, ‘R_useDynamicSymbols’
    
    It is good practice to register native routines and to disable symbol
    search.
    
    See ‘Writing portable packages’ in the ‘Writing R Extensions’ manual.
Flavors: r-devel-linux-x86_64-fedora-clang, r-devel-linux-x86_64-fedora-gcc