CRAN Package Check Results for Package lokern

Last updated on 2019-08-22 04:47:23 CEST.

Flavor Version Tinstall Tcheck Ttotal Status Flags
r-devel-linux-x86_64-debian-clang 1.1-8 4.40 25.68 30.08 OK
r-devel-linux-x86_64-debian-gcc 1.1-8 3.77 20.79 24.56 OK
r-devel-linux-x86_64-fedora-clang 1.1-8 39.27 NOTE
r-devel-linux-x86_64-fedora-gcc 1.1-8 37.04 NOTE
r-devel-windows-ix86+x86_64 1.1-8 21.00 53.00 74.00 OK
r-patched-linux-x86_64 1.1-8 4.30 25.46 29.76 OK
r-patched-solaris-x86 1.1-8 55.50 OK --no-tests
r-release-linux-x86_64 1.1-8 4.16 25.34 29.50 OK
r-release-windows-ix86+x86_64 1.1-8 25.00 67.00 92.00 OK
r-release-osx-x86_64 1.1-8 OK
r-oldrel-windows-ix86+x86_64 1.1-8 18.00 69.00 87.00 OK
r-oldrel-osx-x86_64 1.1-8 OK

Additional issues

LTO valgrind

Check Details

Version: 1.1-8
Check: compiled code
Result: NOTE
    File ‘lokern/libs/lokern.so’:
     Found no calls to: ‘R_registerRoutines’, ‘R_useDynamicSymbols’
    
    It is good practice to register native routines and to disable symbol
    search.
    
    See ‘Writing portable packages’ in the ‘Writing R Extensions’ manual.
Flavors: r-devel-linux-x86_64-fedora-clang, r-devel-linux-x86_64-fedora-gcc