Last updated on 2023-02-07 02:56:55 CET.
Flavor | Version | Tinstall | Tcheck | Ttotal | Status | Flags |
---|---|---|---|---|---|---|
r-devel-linux-x86_64-debian-clang | 1.0 | 9.28 | 101.92 | 111.20 | NOTE | |
r-devel-linux-x86_64-debian-gcc | 1.0 | 6.40 | 75.36 | 81.76 | NOTE | |
r-devel-linux-x86_64-fedora-clang | 1.0 | 134.79 | NOTE | |||
r-devel-linux-x86_64-fedora-gcc | 1.0 | 144.45 | NOTE | |||
r-devel-windows-x86_64 | 1.0 | 13.00 | 124.00 | 137.00 | NOTE | |
r-patched-linux-x86_64 | 1.0 | 7.89 | 98.98 | 106.87 | NOTE | |
r-release-linux-x86_64 | 1.0 | 7.07 | 97.46 | 104.53 | NOTE | |
r-release-macos-arm64 | 1.0 | 36.00 | NOTE | |||
r-release-macos-x86_64 | 1.0 | 54.00 | NOTE | |||
r-release-windows-x86_64 | 1.0 | 16.00 | 136.00 | 152.00 | NOTE | |
r-oldrel-macos-arm64 | 1.0 | 43.00 | NOTE | |||
r-oldrel-macos-x86_64 | 1.0 | 76.00 | NOTE | |||
r-oldrel-windows-ix86+x86_64 | 1.0 | 18.00 | 127.00 | 145.00 | NOTE |
Version: 1.0
Check: Rd files
Result: NOTE
checkRd: (-1) butstrap.Rd:44: Escaped LaTeX specials: \&
checkRd: (-1) butstrap.nri.Rd:42: Escaped LaTeX specials: \&
checkRd: (-1) butstrap.s.Rd:44: Escaped LaTeX specials: \&
checkRd: (-1) maxauc.Rd:39: Escaped LaTeX specials: \&
checkRd: (-1) maxauc.s.Rd:39: Escaped LaTeX specials: \&
checkRd: (-1) nri.Rd:33: Escaped LaTeX specials: \&
checkRd: (-1) roc.Rd:47: Escaped LaTeX specials: \&
checkRd: (-1) roc.s.Rd:47: Escaped LaTeX specials: \&
checkRd: (-1) sensspec.Rd:47: Escaped LaTeX specials: \&
checkRd: (-1) sensspec.s.Rd:47: Escaped LaTeX specials: \&
Flavors: r-devel-linux-x86_64-debian-clang, r-devel-linux-x86_64-debian-gcc, r-devel-linux-x86_64-fedora-clang, r-devel-linux-x86_64-fedora-gcc, r-devel-windows-x86_64
Version: 1.0
Check: LazyData
Result: NOTE
'LazyData' is specified without a 'data' directory
Flavors: r-devel-linux-x86_64-debian-clang, r-devel-linux-x86_64-debian-gcc, r-devel-linux-x86_64-fedora-clang, r-devel-linux-x86_64-fedora-gcc, r-devel-windows-x86_64, r-patched-linux-x86_64, r-release-linux-x86_64, r-release-macos-arm64, r-release-macos-x86_64, r-release-windows-x86_64, r-oldrel-macos-arm64, r-oldrel-macos-x86_64, r-oldrel-windows-ix86+x86_64