CRAN Package Check Results for Package longit

Last updated on 2024-06-22 19:58:08 CEST.

Flavor Version Tinstall Tcheck Ttotal Status Flags
r-devel-linux-x86_64-debian-clang 0.1.0 11.32 116.43 127.75 OK
r-devel-linux-x86_64-debian-gcc 0.1.0 10.45 84.91 95.36 OK
r-devel-linux-x86_64-fedora-clang 0.1.0 162.30 NOTE
r-devel-linux-x86_64-fedora-gcc 0.1.0 155.46 NOTE
r-devel-windows-x86_64 0.1.0 12.00 96.00 108.00 OK
r-patched-linux-x86_64 0.1.0 8.95 111.00 119.95 OK
r-release-linux-x86_64 0.1.0 10.84 110.46 121.30 OK
r-release-macos-arm64 0.1.0 41.00 OK
r-release-macos-x86_64 0.1.0 65.00 OK
r-release-windows-x86_64 0.1.0 13.00 97.00 110.00 OK
r-oldrel-macos-arm64 0.1.0 48.00 OK
r-oldrel-macos-x86_64 0.1.0 63.00 OK
r-oldrel-windows-x86_64 0.1.0 16.00 117.00 133.00 OK

Check Details

Version: 0.1.0
Check: dependencies in R code
Result: NOTE Namespace in Imports field not imported from: ‘utils’ All declared Imports should be used. Flavors: r-devel-linux-x86_64-fedora-clang, r-devel-linux-x86_64-fedora-gcc