Last updated on 2023-12-07 21:55:51 CET.
Flavor | Version | Tinstall | Tcheck | Ttotal | Status | Flags |
---|---|---|---|---|---|---|
r-devel-linux-x86_64-debian-clang | 0.3.3 | 2.19 | 21.94 | 24.13 | NOTE | |
r-devel-linux-x86_64-debian-gcc | 0.3.3 | 1.64 | 17.74 | 19.38 | NOTE | |
r-devel-linux-x86_64-fedora-clang | 0.3.3 | 30.54 | NOTE | |||
r-devel-linux-x86_64-fedora-gcc | 0.3.3 | 29.09 | NOTE | |||
r-devel-windows-x86_64 | 0.3.3 | 3.00 | 45.00 | 48.00 | NOTE | |
r-patched-linux-x86_64 | 0.3.3 | 1.80 | 22.47 | 24.27 | NOTE | |
r-release-linux-x86_64 | 0.3.3 | 1.75 | 22.07 | 23.82 | NOTE | |
r-release-macos-arm64 | 0.3.3 | 40.00 | NOTE | |||
r-release-macos-x86_64 | 0.3.3 | 34.00 | NOTE | |||
r-release-windows-x86_64 | 0.3.3 | 4.00 | 50.00 | 54.00 | NOTE | |
r-oldrel-macos-arm64 | 0.3.3 | 34.00 | NOTE | |||
r-oldrel-macos-x86_64 | 0.3.3 | 38.00 | NOTE | |||
r-oldrel-windows-x86_64 | 0.3.3 | 4.00 | 48.00 | 52.00 | NOTE |
Version: 0.3.3
Check: LazyData
Result: NOTE
'LazyData' is specified without a 'data' directory
Flavors: r-devel-linux-x86_64-debian-clang, r-devel-linux-x86_64-debian-gcc, r-devel-linux-x86_64-fedora-clang, r-devel-linux-x86_64-fedora-gcc, r-devel-windows-x86_64, r-patched-linux-x86_64, r-release-linux-x86_64, r-release-macos-arm64, r-release-macos-x86_64, r-release-windows-x86_64, r-oldrel-macos-arm64, r-oldrel-macos-x86_64, r-oldrel-windows-x86_64