CRAN Package Check Results for Package lookout

Last updated on 2021-04-17 06:46:46 CEST.

Flavor Version Tinstall Tcheck Ttotal Status Flags
r-devel-linux-x86_64-debian-clang 0.1.0 4.44 49.90 54.34 NOTE
r-devel-linux-x86_64-debian-gcc 0.1.0 3.90 37.25 41.15 NOTE
r-devel-linux-x86_64-fedora-clang 0.1.0 76.24 NOTE
r-devel-linux-x86_64-fedora-gcc 0.1.0 62.64 NOTE
r-devel-windows-ix86+x86_64 0.1.0 13.00 5.00 18.00 ERROR
r-devel-windows-x86_64-gcc10-UCRT 0.1.0 NOTE
r-patched-linux-x86_64 0.1.0 4.82 45.69 50.51 OK
r-patched-solaris-x86 0.1.0 97.30 OK
r-release-linux-x86_64 0.1.0 3.63 45.58 49.21 OK
r-release-macos-x86_64 0.1.0 OK
r-release-windows-ix86+x86_64 0.1.0 15.00 67.00 82.00 OK
r-oldrel-macos-x86_64 0.1.0 OK
r-oldrel-windows-ix86+x86_64 0.1.0 8.00 63.00 71.00 OK

Check Details

Version: 0.1.0
Check: LazyData
Result: NOTE
     'LazyData' is specified without a 'data' directory
Flavors: r-devel-linux-x86_64-debian-clang, r-devel-linux-x86_64-debian-gcc, r-devel-linux-x86_64-fedora-clang, r-devel-linux-x86_64-fedora-gcc, r-devel-windows-x86_64-gcc10-UCRT

Version: 0.1.0
Check: whether package can be installed
Result: ERROR
    
    See * DONE
Flavor: r-devel-windows-ix86+x86_64