CRAN Package Check Results for Package lorec

Last updated on 2019-09-21 05:47:57 CEST.

Flavor Version Tinstall Tcheck Ttotal Status Flags
r-devel-linux-x86_64-debian-clang 0.6.1 2.24 15.55 17.79 NOTE
r-devel-linux-x86_64-debian-gcc 0.6.1 2.00 12.82 14.82 NOTE
r-devel-linux-x86_64-fedora-clang 0.6.1 23.16 NOTE
r-devel-linux-x86_64-fedora-gcc 0.6.1 22.37 NOTE
r-devel-windows-ix86+x86_64 0.6.1 13.00 37.00 50.00 NOTE
r-patched-linux-x86_64 0.6.1 1.91 15.56 17.47 NOTE
r-patched-solaris-x86 0.6.1 35.80 NOTE
r-release-linux-x86_64 0.6.1 2.07 15.55 17.62 NOTE
r-release-windows-ix86+x86_64 0.6.1 8.00 48.00 56.00 NOTE
r-release-osx-x86_64 0.6.1 NOTE
r-oldrel-windows-ix86+x86_64 0.6.1 9.00 50.00 59.00 NOTE
r-oldrel-osx-x86_64 0.6.1 NOTE

Check Details

Version: 0.6.1
Check: DESCRIPTION meta-information
Result: NOTE
    Malformed Description field: should contain one or more complete sentences.
Flavors: r-devel-linux-x86_64-debian-clang, r-devel-linux-x86_64-debian-gcc, r-devel-linux-x86_64-fedora-clang, r-devel-linux-x86_64-fedora-gcc, r-devel-windows-ix86+x86_64, r-patched-linux-x86_64, r-patched-solaris-x86, r-release-linux-x86_64, r-release-windows-ix86+x86_64, r-release-osx-x86_64, r-oldrel-windows-ix86+x86_64, r-oldrel-osx-x86_64

Version: 0.6.1
Check: compiled code
Result: NOTE
    File ‘lorec/libs/lorec.so’:
     Found no calls to: ‘R_registerRoutines’, ‘R_useDynamicSymbols’
    
    It is good practice to register native routines and to disable symbol
    search.
    
    See ‘Writing portable packages’ in the ‘Writing R Extensions’ manual.
Flavors: r-devel-linux-x86_64-fedora-clang, r-devel-linux-x86_64-fedora-gcc