CRAN Package Check Results for Package lorec

Last updated on 2020-02-21 04:48:26 CET.

Flavor Version Tinstall Tcheck Ttotal Status Flags
r-devel-linux-x86_64-debian-clang 0.6.1 2.63 16.83 19.46 NOTE
r-devel-linux-x86_64-debian-gcc 0.6.1 1.97 13.62 15.59 NOTE
r-devel-linux-x86_64-fedora-clang 0.6.1 24.85 NOTE
r-devel-linux-x86_64-fedora-gcc 0.6.1 24.15 NOTE
r-devel-windows-ix86+x86_64 0.6.1 9.00 38.00 47.00 NOTE
r-devel-windows-ix86+x86_64-gcc8 0.6.1 13.00 53.00 66.00 NOTE
r-patched-linux-x86_64 0.6.1 1.90 15.79 17.69 NOTE
r-patched-solaris-x86 0.6.1 35.20 NOTE
r-release-linux-x86_64 0.6.1 1.94 15.66 17.60 NOTE
r-release-windows-ix86+x86_64 0.6.1 28.00 47.00 75.00 NOTE
r-release-osx-x86_64 0.6.1 NOTE
r-oldrel-windows-ix86+x86_64 0.6.1 9.00 33.00 42.00 NOTE
r-oldrel-osx-x86_64 0.6.1 NOTE

Check Details

Version: 0.6.1
Check: DESCRIPTION meta-information
Result: NOTE
    Malformed Description field: should contain one or more complete sentences.
Flavors: r-devel-linux-x86_64-debian-clang, r-devel-linux-x86_64-debian-gcc, r-devel-linux-x86_64-fedora-clang, r-devel-linux-x86_64-fedora-gcc, r-devel-windows-ix86+x86_64, r-devel-windows-ix86+x86_64-gcc8, r-patched-linux-x86_64, r-patched-solaris-x86, r-release-linux-x86_64, r-release-windows-ix86+x86_64, r-release-osx-x86_64, r-oldrel-windows-ix86+x86_64, r-oldrel-osx-x86_64

Version: 0.6.1
Check: compiled code
Result: NOTE
    File ‘lorec/libs/lorec.so’:
     Found no calls to: ‘R_registerRoutines’, ‘R_useDynamicSymbols’
    
    It is good practice to register native routines and to disable symbol
    search.
    
    See ‘Writing portable packages’ in the ‘Writing R Extensions’ manual.
Flavors: r-devel-linux-x86_64-fedora-clang, r-devel-linux-x86_64-fedora-gcc