CRAN Package Check Results for Package lorenz

Last updated on 2023-09-22 20:51:57 CEST.

Flavor Version Tinstall Tcheck Ttotal Status Flags
r-devel-linux-x86_64-debian-clang 0.1.0 3.20 26.09 29.29 NOTE
r-devel-linux-x86_64-debian-gcc 0.1.0 2.49 20.09 22.58 NOTE
r-devel-linux-x86_64-fedora-clang 0.1.0 36.13 NOTE
r-devel-linux-x86_64-fedora-gcc 0.1.0 34.94 NOTE
r-devel-windows-x86_64 0.1.0 6.00 44.00 50.00 NOTE
r-patched-linux-x86_64 0.1.0 1.84 25.68 27.52 NOTE
r-release-linux-x86_64 0.1.0 1.93 25.90 27.83 NOTE
r-release-macos-arm64 0.1.0 18.00 NOTE
r-release-macos-x86_64 0.1.0 22.00 NOTE
r-release-windows-x86_64 0.1.0 5.00 42.00 47.00 NOTE
r-oldrel-macos-arm64 0.1.0 16.00 NOTE
r-oldrel-macos-x86_64 0.1.0 25.00 NOTE
r-oldrel-windows-x86_64 0.1.0 5.00 43.00 48.00 NOTE

Check Details

Version: 0.1.0
Check: LazyData
Result: NOTE
     'LazyData' is specified without a 'data' directory
Flavors: r-devel-linux-x86_64-debian-clang, r-devel-linux-x86_64-debian-gcc, r-devel-linux-x86_64-fedora-clang, r-devel-linux-x86_64-fedora-gcc, r-devel-windows-x86_64, r-patched-linux-x86_64, r-release-linux-x86_64, r-release-macos-arm64, r-release-macos-x86_64, r-release-windows-x86_64, r-oldrel-macos-arm64, r-oldrel-macos-x86_64, r-oldrel-windows-x86_64