Last updated on 2022-07-03 04:49:05 CEST.
Flavor | Version | Tinstall | Tcheck | Ttotal | Status | Flags |
---|---|---|---|---|---|---|
r-devel-linux-x86_64-debian-clang | 1.0-8 | 3.26 | 22.93 | 26.19 | NOTE | |
r-devel-linux-x86_64-debian-gcc | 1.0-8 | 3.75 | 17.72 | 21.47 | NOTE | |
r-devel-linux-x86_64-fedora-clang | 1.0-8 | 43.90 | NOTE | |||
r-devel-linux-x86_64-fedora-gcc | 1.0-8 | 42.86 | NOTE | |||
r-devel-windows-x86_64 | 1.0-8 | 14.00 | 46.00 | 60.00 | NOTE | |
r-patched-linux-x86_64 | 1.0-8 | 4.02 | 22.09 | 26.11 | OK | |
r-release-linux-x86_64 | 1.0-8 | 3.30 | 21.61 | 24.91 | OK | |
r-release-macos-arm64 | 1.0-8 | 18.00 | OK | |||
r-release-macos-x86_64 | 1.0-8 | 22.00 | OK | |||
r-release-windows-x86_64 | 1.0-8 | 11.00 | 47.00 | 58.00 | OK | |
r-oldrel-macos-arm64 | 1.0-8 | 17.00 | OK | |||
r-oldrel-macos-x86_64 | 1.0-8 | 29.00 | OK | |||
r-oldrel-windows-ix86+x86_64 | 1.0-8 | 15.00 | 35.00 | 50.00 | OK |
Version: 1.0-8
Check: Rd files
Result: NOTE
checkRd: (-1) lpepa.Rd:32: Escaped LaTeX specials: \&
checkRd: (-1) lpepa.Rd:51: Escaped LaTeX specials: \&
checkRd: (-1) lpepa.Rd:52: Escaped LaTeX specials: \&
checkRd: (-1) lpepa.Rd:57: Escaped LaTeX specials: \&
checkRd: (-1) lpepa.Rd:90: Escaped LaTeX specials: \&
checkRd: (-1) lpridge.Rd:34: Escaped LaTeX specials: \&
checkRd: (-1) lpridge.Rd:61: Escaped LaTeX specials: \&
checkRd: (-1) lpridge.Rd:65: Escaped LaTeX specials: \&
Flavors: r-devel-linux-x86_64-debian-clang, r-devel-linux-x86_64-debian-gcc, r-devel-linux-x86_64-fedora-clang, r-devel-linux-x86_64-fedora-gcc, r-devel-windows-x86_64