Last updated on 2022-05-25 02:52:23 CEST.
Flavor | Version | Tinstall | Tcheck | Ttotal | Status | Flags |
---|---|---|---|---|---|---|
r-devel-linux-x86_64-debian-clang | 0.1.0 | 3.29 | 54.26 | 57.55 | OK | |
r-devel-linux-x86_64-debian-gcc | 0.1.0 | 2.98 | 41.68 | 44.66 | OK | |
r-devel-linux-x86_64-fedora-clang | 0.1.0 | 69.93 | NOTE | |||
r-devel-linux-x86_64-fedora-gcc | 0.1.0 | 56.95 | NOTE | |||
r-devel-windows-x86_64 | 0.1.0 | 22.00 | 79.00 | 101.00 | OK | |
r-patched-linux-x86_64 | 0.1.0 | 4.26 | 52.44 | 56.70 | OK | |
r-release-linux-x86_64 | 0.1.0 | OK | ||||
r-release-macos-arm64 | 0.1.0 | 26.00 | NOTE | |||
r-release-macos-x86_64 | 0.1.0 | 34.00 | NOTE | |||
r-release-windows-x86_64 | 0.1.0 | 28.00 | 79.00 | 107.00 | OK | |
r-oldrel-macos-arm64 | 0.1.0 | 28.00 | NOTE | |||
r-oldrel-macos-x86_64 | 0.1.0 | 35.00 | NOTE | |||
r-oldrel-windows-ix86+x86_64 | 0.1.0 | 7.00 | 68.00 | 75.00 | OK |
Version: 0.1.0
Check: dependencies in R code
Result: NOTE
Namespace in Imports field not imported from: ‘knitr’
All declared Imports should be used.
Flavors: r-devel-linux-x86_64-fedora-clang, r-devel-linux-x86_64-fedora-gcc, r-release-macos-arm64, r-release-macos-x86_64, r-oldrel-macos-arm64, r-oldrel-macos-x86_64