CRAN Package Check Results for Package lsa

Last updated on 2019-08-19 11:49:06 CEST.

Flavor Version Tinstall Tcheck Ttotal Status Flags
r-devel-linux-x86_64-debian-clang 0.73.1 3.71 31.73 35.44 NOTE
r-devel-linux-x86_64-debian-gcc 0.73.1 2.89 26.29 29.18 NOTE
r-devel-linux-x86_64-fedora-clang 0.73.1 45.33 NOTE
r-devel-linux-x86_64-fedora-gcc 0.73.1 42.22 NOTE
r-devel-windows-ix86+x86_64 0.73.1 11.00 67.00 78.00 NOTE
r-patched-linux-x86_64 0.73.1 2.91 31.41 34.32 NOTE
r-patched-solaris-x86 0.73.1 68.40 NOTE
r-release-linux-x86_64 0.73.1 2.72 31.36 34.08 NOTE
r-release-windows-ix86+x86_64 0.73.1 6.00 49.00 55.00 NOTE
r-release-osx-x86_64 0.73.1 NOTE
r-oldrel-windows-ix86+x86_64 0.73.1 13.00 58.00 71.00 NOTE
r-oldrel-osx-x86_64 0.73.1 NOTE

Check Details

Version: 0.73.1
Check: R code for possible problems
Result: NOTE
    associate: no visible global function definition for 'cor'
    textmatrix: no visible global function definition for 'xtabs'
    textvector: no visible global function definition for 'data'
    Undefined global functions or variables:
     cor data xtabs
    Consider adding
     importFrom("stats", "cor", "xtabs")
     importFrom("utils", "data")
    to your NAMESPACE file.
Flavors: r-devel-linux-x86_64-debian-clang, r-devel-linux-x86_64-debian-gcc, r-devel-linux-x86_64-fedora-clang, r-devel-linux-x86_64-fedora-gcc, r-devel-windows-ix86+x86_64, r-patched-linux-x86_64, r-patched-solaris-x86, r-release-linux-x86_64, r-release-windows-ix86+x86_64, r-release-osx-x86_64, r-oldrel-windows-ix86+x86_64, r-oldrel-osx-x86_64

Version: 0.73.1
Check: data for non-ASCII characters
Result: NOTE
     Note: found 143 marked Latin-1 strings
     Note: found 833 marked UTF-8 strings
Flavors: r-devel-linux-x86_64-fedora-clang, r-devel-linux-x86_64-fedora-gcc, r-patched-solaris-x86, r-release-osx-x86_64, r-oldrel-osx-x86_64