CRAN Package Check Results for Package lsbs

Last updated on 2020-02-18 19:55:04 CET.

Flavor Version Tinstall Tcheck Ttotal Status Flags
r-devel-linux-x86_64-debian-clang 0.1 2.40 30.73 33.13 OK
r-devel-linux-x86_64-debian-gcc 0.1 1.62 23.93 25.55 OK
r-devel-linux-x86_64-fedora-clang 0.1 39.70 NOTE
r-devel-linux-x86_64-fedora-gcc 0.1 39.07 NOTE
r-devel-windows-ix86+x86_64 0.1 5.00 43.00 48.00 OK
r-devel-windows-ix86+x86_64-gcc8 0.1 8.00 60.00 68.00 OK
r-patched-linux-x86_64 0.1 1.86 27.97 29.83 OK
r-patched-solaris-x86 0.1 83.80 NOTE
r-release-linux-x86_64 0.1 1.93 28.74 30.67 OK
r-release-windows-ix86+x86_64 0.1 5.00 45.00 50.00 OK
r-release-osx-x86_64 0.1 NOTE
r-oldrel-windows-ix86+x86_64 0.1 2.00 59.00 61.00 OK
r-oldrel-osx-x86_64 0.1 NOTE

Check Details

Version: 0.1
Check: dependencies in R code
Result: NOTE
    Namespace in Imports field not imported from: ‘Matrix’
     All declared Imports should be used.
Flavors: r-devel-linux-x86_64-fedora-clang, r-devel-linux-x86_64-fedora-gcc, r-patched-solaris-x86, r-release-osx-x86_64, r-oldrel-osx-x86_64