CRAN Package Check Results for Package lsbs

Last updated on 2019-09-17 08:49:15 CEST.

Flavor Version Tinstall Tcheck Ttotal Status Flags
r-devel-linux-x86_64-debian-clang 0.1 2.16 28.27 30.43 OK
r-devel-linux-x86_64-debian-gcc 0.1 OK
r-devel-linux-x86_64-fedora-clang 0.1 38.51 NOTE
r-devel-linux-x86_64-fedora-gcc 0.1 37.39 NOTE
r-devel-windows-ix86+x86_64 0.1 7.00 42.00 49.00 OK
r-patched-linux-x86_64 0.1 1.72 27.82 29.54 OK
r-patched-solaris-x86 0.1 87.60 NOTE
r-release-linux-x86_64 0.1 1.52 28.57 30.09 OK
r-release-windows-ix86+x86_64 0.1 4.00 70.00 74.00 OK
r-release-osx-x86_64 0.1 NOTE
r-oldrel-windows-ix86+x86_64 0.1 3.00 42.00 45.00 OK
r-oldrel-osx-x86_64 0.1 NOTE

Check Details

Version: 0.1
Check: dependencies in R code
Result: NOTE
    Namespace in Imports field not imported from: ‘Matrix’
     All declared Imports should be used.
Flavors: r-devel-linux-x86_64-fedora-clang, r-devel-linux-x86_64-fedora-gcc, r-patched-solaris-x86, r-release-osx-x86_64, r-oldrel-osx-x86_64