CRAN Package Check Results for Package lsl

Last updated on 2021-09-25 14:49:28 CEST.

Flavor Version Tinstall Tcheck Ttotal Status Flags
r-devel-linux-x86_64-debian-clang 0.5.6 7.00 63.59 70.59 NOTE
r-devel-linux-x86_64-debian-gcc 0.5.6 6.05 47.48 53.53 NOTE
r-devel-linux-x86_64-fedora-clang 0.5.6 94.14 NOTE
r-devel-linux-x86_64-fedora-gcc 0.5.6 80.45 NOTE
r-devel-windows-x86_64 0.5.6 12.00 62.00 74.00 NOTE
r-devel-windows-x86_64-gcc10-UCRT 0.5.6 NOTE
r-patched-linux-x86_64 0.5.6 6.07 58.58 64.65 NOTE
r-patched-solaris-x86 0.5.6 121.00 NOTE
r-release-linux-x86_64 0.5.6 7.12 59.57 66.69 NOTE
r-release-macos-arm64 0.5.6 NOTE
r-release-macos-x86_64 0.5.6 NOTE
r-release-windows-ix86+x86_64 0.5.6 20.00 60.00 80.00 NOTE
r-oldrel-macos-x86_64 0.5.6 OK
r-oldrel-windows-ix86+x86_64 0.5.6 15.00 56.00 71.00 OK

Check Details

Version: 0.5.6
Check: LazyData
Result: NOTE
     'LazyData' is specified without a 'data' directory
Flavors: r-devel-linux-x86_64-debian-clang, r-devel-linux-x86_64-debian-gcc, r-devel-linux-x86_64-fedora-clang, r-devel-linux-x86_64-fedora-gcc, r-devel-windows-x86_64, r-devel-windows-x86_64-gcc10-UCRT, r-patched-linux-x86_64, r-patched-solaris-x86, r-release-linux-x86_64, r-release-macos-arm64, r-release-macos-x86_64, r-release-windows-ix86+x86_64