CRAN Package Check Results for Package lspartition

Last updated on 2022-07-02 07:07:02 CEST.

Flavor Version Tinstall Tcheck Ttotal Status Flags
r-devel-linux-x86_64-debian-clang 0.4 15.34 108.48 123.82 NOTE
r-devel-linux-x86_64-debian-gcc 0.4 11.28 81.20 92.48 NOTE
r-devel-linux-x86_64-fedora-clang 0.4 159.92 NOTE
r-devel-linux-x86_64-fedora-gcc 0.4 156.23 NOTE
r-devel-windows-x86_64 0.4 28.00 120.00 148.00 NOTE
r-patched-linux-x86_64 0.4 20.42 103.85 124.27 NOTE
r-release-linux-x86_64 0.4 16.53 104.02 120.55 NOTE
r-release-macos-arm64 0.4 42.00 NOTE
r-release-macos-x86_64 0.4 76.00 NOTE
r-release-windows-x86_64 0.4 33.00 120.00 153.00 NOTE
r-oldrel-macos-arm64 0.4 57.00 NOTE
r-oldrel-macos-x86_64 0.4 62.00 NOTE
r-oldrel-windows-ix86+x86_64 0.4 32.00 118.00 150.00 NOTE

Check Details

Version: 0.4
Check: LazyData
Result: NOTE
     'LazyData' is specified without a 'data' directory
Flavors: r-devel-linux-x86_64-debian-clang, r-devel-linux-x86_64-debian-gcc, r-devel-linux-x86_64-fedora-clang, r-devel-linux-x86_64-fedora-gcc, r-devel-windows-x86_64, r-patched-linux-x86_64, r-release-linux-x86_64, r-release-macos-arm64, r-release-macos-x86_64, r-release-windows-x86_64, r-oldrel-macos-arm64, r-oldrel-macos-x86_64, r-oldrel-windows-ix86+x86_64