CRAN Package Check Results for Package lspline

Last updated on 2020-07-04 14:48:24 CEST.

Flavor Version Tinstall Tcheck Ttotal Status Flags
r-devel-linux-x86_64-debian-clang 1.0-0 1.80 27.83 29.63 OK
r-devel-linux-x86_64-debian-gcc 1.0-0 1.47 22.33 23.80 OK
r-devel-linux-x86_64-fedora-clang 1.0-0 44.77 OK
r-devel-linux-x86_64-fedora-gcc 1.0-0 36.20 OK
r-devel-windows-ix86+x86_64 1.0-0 11.00 43.00 54.00 OK
r-patched-linux-x86_64 1.0-0 1.77 27.86 29.63 OK
r-patched-solaris-x86 1.0-0 46.70 WARN
r-release-linux-x86_64 1.0-0 1.79 28.09 29.88 OK
r-release-osx-x86_64 1.0-0 OK
r-release-windows-ix86+x86_64 1.0-0 5.00 41.00 46.00 OK
r-oldrel-osx-x86_64 1.0-0 WARN
r-oldrel-windows-ix86+x86_64 1.0-0 4.00 61.00 65.00 OK

Check Details

Version: 1.0-0
Check: re-building of vignette outputs
Result: WARN
    Error(s) in re-building vignettes:
     ...
    --- re-building ‘lspline.Rmd’ using rmarkdown
    Warning in engine$weave(file, quiet = quiet, encoding = enc) :
     Pandoc (>= 1.12.3) and/or pandoc-citeproc not available. Falling back to R Markdown v1.
    Quitting from lines 18-23 (lspline.Rmd)
    Error: processing vignette 'lspline.Rmd' failed with diagnostics:
    object 'params' not found
    --- failed re-building ‘lspline.Rmd’
    
    SUMMARY: processing the following file failed:
     ‘lspline.Rmd’
    
    Error: Vignette re-building failed.
    Execution halted
Flavors: r-patched-solaris-x86, r-oldrel-osx-x86_64