CRAN Package Check Results for Package lss2

Last updated on 2022-01-27 07:51:37 CET.

Flavor Version Tinstall Tcheck Ttotal Status Flags
r-devel-linux-x86_64-debian-clang 1.1 15.97 151.98 167.95 NOTE
r-devel-linux-x86_64-debian-gcc 1.1 13.15 112.04 125.19 NOTE
r-devel-linux-x86_64-fedora-clang 1.1 126.43 NOTE
r-devel-linux-x86_64-fedora-gcc 1.1 110.92 NOTE
r-devel-windows-x86_64-new-UL 1.1 18.00 170.00 188.00 NOTE
r-devel-windows-x86_64-new-TK 1.1 NOTE
r-patched-linux-x86_64 1.1 13.48 133.94 147.42 NOTE
r-release-linux-x86_64 1.1 11.72 130.84 142.56 NOTE
r-release-macos-arm64 1.1 NOTE
r-release-macos-x86_64 1.1 NOTE
r-release-windows-ix86+x86_64 1.1 34.00 155.00 189.00 NOTE
r-oldrel-macos-x86_64 1.1 OK
r-oldrel-windows-ix86+x86_64 1.1 34.00 157.00 191.00 OK

Check Details

Version: 1.1
Check: LazyData
Result: NOTE
     'LazyData' is specified without a 'data' directory
Flavors: r-devel-linux-x86_64-debian-clang, r-devel-linux-x86_64-debian-gcc, r-devel-linux-x86_64-fedora-clang, r-devel-linux-x86_64-fedora-gcc, r-devel-windows-x86_64-new-UL, r-devel-windows-x86_64-new-TK, r-patched-linux-x86_64, r-release-linux-x86_64, r-release-macos-arm64, r-release-macos-x86_64, r-release-windows-ix86+x86_64