CRAN Package Check Results for Package ltable

Last updated on 2021-10-26 05:13:31 CEST.

Flavor Version Tinstall Tcheck Ttotal Status Flags
r-devel-linux-x86_64-debian-clang 1.0 1.79 20.24 22.03 OK
r-devel-linux-x86_64-debian-gcc 1.0 1.55 16.10 17.65 OK
r-devel-linux-x86_64-fedora-clang 1.0 38.32 NOTE
r-devel-linux-x86_64-fedora-gcc 1.0 27.77 OK
r-devel-windows-x86_64 1.0 4.00 39.00 43.00 OK
r-devel-windows-x86_64-gcc10-UCRT 1.0 OK
r-patched-linux-x86_64 1.0 1.99 19.66 21.65 OK
r-patched-solaris-x86 1.0 44.00 OK
r-release-linux-x86_64 1.0 1.86 19.84 21.70 OK
r-release-macos-arm64 1.0 OK
r-release-macos-x86_64 1.0 OK
r-release-windows-ix86+x86_64 1.0 5.00 29.00 34.00 OK
r-oldrel-macos-x86_64 1.0 OK
r-oldrel-windows-ix86+x86_64 1.0 4.00 29.00 33.00 OK

Check Details

Version: 1.0
Check: Rd cross-references
Result: NOTE
    Undeclared packages ‘etable’, ‘xtable’, ‘tables’ in Rd xrefs
Flavor: r-devel-linux-x86_64-fedora-clang