CRAN Package Check Results for Package ltbayes

Last updated on 2019-12-10 21:47:37 CET.

Flavor Version Tinstall Tcheck Ttotal Status Flags
r-devel-linux-x86_64-debian-clang 0.4 3.61 126.93 130.54 OK
r-devel-linux-x86_64-debian-gcc 0.4 3.10 92.30 95.40 OK
r-devel-linux-x86_64-fedora-clang 0.4 150.41 NOTE
r-devel-linux-x86_64-fedora-gcc 0.4 145.28 NOTE
r-devel-windows-ix86+x86_64 0.4 16.00 194.00 210.00 OK
r-devel-windows-ix86+x86_64-gcc8 0.4 17.00 199.00 216.00 OK
r-patched-linux-x86_64 0.4 3.18 110.09 113.27 OK
r-patched-solaris-x86 0.4 172.40 OK
r-release-linux-x86_64 0.4 2.92 112.14 115.06 OK
r-release-windows-ix86+x86_64 0.4 15.00 131.00 146.00 OK
r-release-osx-x86_64 0.4 OK
r-oldrel-windows-ix86+x86_64 0.4 12.00 140.00 152.00 OK
r-oldrel-osx-x86_64 0.4 OK

Check Details

Version: 0.4
Check: compiled code
Result: NOTE
    File ‘ltbayes/libs/ltbayes.so’:
     Found no calls to: ‘R_registerRoutines’, ‘R_useDynamicSymbols’
    
    It is good practice to register native routines and to disable symbol
    search.
    
    See ‘Writing portable packages’ in the ‘Writing R Extensions’ manual.
Flavors: r-devel-linux-x86_64-fedora-clang, r-devel-linux-x86_64-fedora-gcc