CRAN Package Check Results for Package ltbayes

Last updated on 2021-09-17 08:50:23 CEST.

Flavor Version Tinstall Tcheck Ttotal Status Flags
r-devel-linux-x86_64-debian-clang 0.4 3.61 136.84 140.45 OK
r-devel-linux-x86_64-debian-gcc 0.4 3.03 97.15 100.18 OK
r-devel-linux-x86_64-fedora-clang 0.4 177.67 NOTE
r-devel-linux-x86_64-fedora-gcc 0.4 165.48 NOTE
r-devel-windows-x86_64 0.4 8.00 171.00 179.00 OK
r-devel-windows-x86_64-gcc10-UCRT 0.4 OK
r-patched-linux-x86_64 0.4 3.83 43.57 47.40 OK
r-patched-solaris-x86 0.4 80.00 OK
r-release-linux-x86_64 0.4 3.66 44.06 47.72 OK
r-release-macos-arm64 0.4 OK
r-release-macos-x86_64 0.4 OK
r-release-windows-ix86+x86_64 0.4 16.00 68.00 84.00 OK
r-oldrel-macos-x86_64 0.4 OK
r-oldrel-windows-ix86+x86_64 0.4 13.00 174.00 187.00 OK

Check Details

Version: 0.4
Check: compiled code
Result: NOTE
    File ‘ltbayes/libs/ltbayes.so’:
     Found no calls to: ‘R_registerRoutines’, ‘R_useDynamicSymbols’
    
    It is good practice to register native routines and to disable symbol
    search.
    
    See ‘Writing portable packages’ in the ‘Writing R Extensions’ manual.
Flavors: r-devel-linux-x86_64-fedora-clang, r-devel-linux-x86_64-fedora-gcc