CRAN Package Check Results for Package ltbayes

Last updated on 2020-07-13 13:48:46 CEST.

Flavor Version Tinstall Tcheck Ttotal Status Flags
r-devel-linux-x86_64-debian-clang 0.4 3.76 131.29 135.05 OK
r-devel-linux-x86_64-debian-gcc 0.4 3.23 96.09 99.32 OK
r-devel-linux-x86_64-fedora-clang 0.4 163.07 NOTE
r-devel-linux-x86_64-fedora-gcc 0.4 158.07 NOTE
r-devel-windows-ix86+x86_64 0.4 17.00 218.00 235.00 OK
r-patched-linux-x86_64 0.4 3.95 126.66 130.61 OK
r-patched-solaris-x86 0.4 186.50 OK
r-release-linux-x86_64 0.4 3.53 126.28 129.81 OK
r-release-macos-x86_64 0.4 ERROR
r-release-windows-ix86+x86_64 0.4 18.00 155.00 173.00 OK
r-oldrel-macos-x86_64 0.4 OK
r-oldrel-windows-ix86+x86_64 0.4 17.00 135.00 152.00 OK

Check Details

Version: 0.4
Check: compiled code
Result: NOTE
    File ‘ltbayes/libs/ltbayes.so’:
     Found no calls to: ‘R_registerRoutines’, ‘R_useDynamicSymbols’
    
    It is good practice to register native routines and to disable symbol
    search.
    
    See ‘Writing portable packages’ in the ‘Writing R Extensions’ manual.
Flavors: r-devel-linux-x86_64-fedora-clang, r-devel-linux-x86_64-fedora-gcc

Version: 0.4
Check: whether package can be installed
Result: ERROR
    Installation failed.
Flavor: r-release-macos-x86_64