Last updated on 2023-12-06 04:55:56 CET.
Flavor | Version | Tinstall | Tcheck | Ttotal | Status | Flags |
---|---|---|---|---|---|---|
r-devel-linux-x86_64-debian-clang | 1.1.0 | 3.28 | 44.68 | 47.96 | OK | |
r-devel-linux-x86_64-debian-gcc | 1.1.0 | 2.66 | 35.23 | 37.89 | OK | |
r-devel-linux-x86_64-fedora-clang | 1.1.0 | 62.15 | NOTE | |||
r-devel-linux-x86_64-fedora-gcc | 1.1.0 | 71.55 | NOTE | |||
r-devel-windows-x86_64 | 1.1.0 | 4.00 | 60.00 | 64.00 | OK | |
r-patched-linux-x86_64 | 1.1.0 | 1.92 | 43.88 | 45.80 | OK | |
r-release-linux-x86_64 | 1.1.0 | 1.95 | 43.13 | 45.08 | OK | |
r-release-macos-arm64 | 1.1.0 | 32.00 | OK | |||
r-release-macos-x86_64 | 1.1.0 | 38.00 | OK | |||
r-release-windows-x86_64 | 1.1.0 | 5.00 | 61.00 | 66.00 | OK | |
r-oldrel-macos-arm64 | 1.1.0 | 26.00 | OK | |||
r-oldrel-macos-x86_64 | 1.1.0 | 36.00 | OK | |||
r-oldrel-windows-x86_64 | 1.1.0 | 4.00 | 64.00 | 68.00 | OK |
Version: 1.1.0
Check: data for non-ASCII characters
Result: NOTE
Note: found 1 marked UTF-8 string
Flavors: r-devel-linux-x86_64-fedora-clang, r-devel-linux-x86_64-fedora-gcc