CRAN Package Check Results for Package ltsa

Last updated on 2019-05-23 14:49:10 CEST.

Flavor Version Tinstall Tcheck Ttotal Status Flags
r-devel-linux-x86_64-debian-clang 1.4.6 4.52 26.66 31.18 OK
r-devel-linux-x86_64-debian-gcc 1.4.6 3.00 21.23 24.23 OK
r-devel-linux-x86_64-fedora-clang 1.4.6 38.67 NOTE
r-devel-linux-x86_64-fedora-gcc 1.4.6 36.20 NOTE
r-devel-windows-ix86+x86_64 1.4.6 215.00 45.00 260.00 OK
r-patched-linux-x86_64 1.4.6 3.26 26.99 30.25 OK
r-patched-solaris-x86 1.4.6 52.70 OK
r-release-linux-x86_64 1.4.6 3.88 26.85 30.73 OK
r-release-windows-ix86+x86_64 1.4.6 24.00 49.00 73.00 OK
r-release-osx-x86_64 1.4.6 OK
r-oldrel-windows-ix86+x86_64 1.4.6 15.00 44.00 59.00 OK
r-oldrel-osx-x86_64 1.4.6 OK

Check Details

Version: 1.4.6
Check: compiled code
Result: NOTE
    File ‘ltsa/libs/ltsa.so’:
     Found no calls to: ‘R_registerRoutines’, ‘R_useDynamicSymbols’
    
    It is good practice to register native routines and to disable symbol
    search.
    
    See ‘Writing portable packages’ in the ‘Writing R Extensions’ manual.
Flavors: r-devel-linux-x86_64-fedora-clang, r-devel-linux-x86_64-fedora-gcc