CRAN Package Check Results for Package ltsa

Last updated on 2019-03-23 03:53:33 CET.

Flavor Version Tinstall Tcheck Ttotal Status Flags
r-devel-linux-x86_64-debian-clang 1.4.6 4.28 26.45 30.73 OK
r-devel-linux-x86_64-debian-gcc 1.4.6 3.26 21.40 24.66 OK
r-devel-linux-x86_64-fedora-clang 1.4.6 37.44 NOTE
r-devel-linux-x86_64-fedora-gcc 1.4.6 35.93 NOTE
r-devel-windows-ix86+x86_64 1.4.6 27.00 57.00 84.00 OK
r-patched-linux-x86_64 1.4.6 2.64 25.54 28.18 OK
r-patched-solaris-x86 1.4.6 48.10 OK
r-release-linux-x86_64 1.4.6 0.37 1.97 2.34 ERROR
r-release-windows-ix86+x86_64 1.4.6 15.00 44.00 59.00 OK
r-release-osx-x86_64 1.4.6 OK
r-oldrel-windows-ix86+x86_64 1.4.6 15.00 58.00 73.00 OK
r-oldrel-osx-x86_64 1.4.6 OK

Check Details

Version: 1.4.6
Check: compiled code
Result: NOTE
    File ‘ltsa/libs/ltsa.so’:
     Found no calls to: ‘R_registerRoutines’, ‘R_useDynamicSymbols’
    
    It is good practice to register native routines and to disable symbol
    search.
    
    See ‘Writing portable packages’ in the ‘Writing R Extensions’ manual.
Flavors: r-devel-linux-x86_64-fedora-clang, r-devel-linux-x86_64-fedora-gcc

Version: 1.4.6
Check: whether package can be installed
Result: ERROR
    Installation failed.
Flavor: r-release-linux-x86_64