CRAN Package Check Results for Package ltsa

Last updated on 2024-02-29 11:49:30 CET.

Flavor Version Tinstall Tcheck Ttotal Status Flags
r-devel-linux-x86_64-debian-clang 1.4.6 5.68 31.84 37.52 NOTE
r-devel-linux-x86_64-debian-gcc 1.4.6 4.70 24.42 29.12 NOTE
r-devel-linux-x86_64-fedora-clang 1.4.6 49.24 NOTE
r-devel-linux-x86_64-fedora-gcc 1.4.6 45.41 NOTE
r-devel-windows-x86_64 1.4.6 10.00 54.00 64.00 OK
r-patched-linux-x86_64 1.4.6 6.04 31.52 37.56 OK
r-release-linux-x86_64 1.4.6 5.00 31.39 36.39 OK
r-release-macos-arm64 1.4.6 19.00 OK
r-release-macos-x86_64 1.4.6 29.00 OK
r-release-windows-x86_64 1.4.6 10.00 51.00 61.00 OK
r-oldrel-macos-arm64 1.4.6 20.00 OK
r-oldrel-windows-x86_64 1.4.6 16.00 66.00 82.00 OK

Check Details

Version: 1.4.6
Check: Rd files
Result: NOTE checkRd: (-1) DLSimulate.Rd:38: Lost braces 38 | code{\link{arima.sim}} | ^ Flavors: r-devel-linux-x86_64-debian-clang, r-devel-linux-x86_64-debian-gcc, r-devel-linux-x86_64-fedora-clang, r-devel-linux-x86_64-fedora-gcc

Version: 1.4.6
Check: compiled code
Result: NOTE File ‘ltsa/libs/ltsa.so’: Found no calls to: ‘R_registerRoutines’, ‘R_useDynamicSymbols’ It is good practice to register native routines and to disable symbol search. See ‘Writing portable packages’ in the ‘Writing R Extensions’ manual. Flavors: r-devel-linux-x86_64-fedora-clang, r-devel-linux-x86_64-fedora-gcc