Last updated on 2023-06-06 17:58:44 CEST.
Flavor | Version | Tinstall | Tcheck | Ttotal | Status | Flags |
---|---|---|---|---|---|---|
r-devel-linux-x86_64-debian-clang | 0.1.0 | 85.99 | 170.93 | 256.92 | NOTE | |
r-devel-linux-x86_64-debian-gcc | 0.1.0 | 69.40 | 130.87 | 200.27 | NOTE | |
r-devel-linux-x86_64-fedora-clang | 0.1.0 | 351.29 | NOTE | |||
r-devel-linux-x86_64-fedora-gcc | 0.1.0 | 363.11 | NOTE | |||
r-devel-windows-x86_64 | 0.1.0 | 68.00 | 181.00 | 249.00 | NOTE | |
r-patched-linux-x86_64 | 0.1.0 | 75.64 | 168.83 | 244.47 | NOTE | |
r-release-linux-x86_64 | 0.1.0 | 72.94 | 164.52 | 237.46 | NOTE | |
r-release-macos-arm64 | 0.1.0 | 113.00 | NOTE | |||
r-release-macos-x86_64 | 0.1.0 | 189.00 | NOTE | |||
r-release-windows-x86_64 | 0.1.0 | 87.00 | 212.00 | 299.00 | NOTE | |
r-oldrel-macos-arm64 | 0.1.0 | 112.00 | OK | |||
r-oldrel-macos-x86_64 | 0.1.0 | 122.00 | OK | |||
r-oldrel-windows-x86_64 | 0.1.0 | 86.00 | 206.00 | 292.00 | OK |
Version: 0.1.0
Check: C++ specification
Result: NOTE
Specified C++11: please drop specification unless essential
Flavors: r-devel-linux-x86_64-debian-clang, r-devel-linux-x86_64-debian-gcc, r-devel-linux-x86_64-fedora-clang, r-devel-linux-x86_64-fedora-gcc, r-devel-windows-x86_64, r-patched-linux-x86_64, r-release-linux-x86_64, r-release-macos-arm64, r-release-macos-x86_64, r-release-windows-x86_64