CRAN Package Check Results for Package ltsspca

Last updated on 2020-01-26 18:50:13 CET.

Flavor Version Tinstall Tcheck Ttotal Status Flags
r-devel-linux-x86_64-debian-clang 0.1.0 89.56 167.63 257.19 OK
r-devel-linux-x86_64-debian-gcc 0.1.0 61.41 119.27 180.68 OK
r-devel-linux-x86_64-fedora-clang 0.1.0 321.39 NOTE
r-devel-linux-x86_64-fedora-gcc 0.1.0 302.51 OK
r-devel-windows-ix86+x86_64 0.1.0 217.00 251.00 468.00 OK
r-devel-windows-ix86+x86_64-gcc8 0.1.0 217.00 207.00 424.00 OK
r-patched-linux-x86_64 0.1.0 64.44 148.43 212.87 OK
r-patched-solaris-x86 0.1.0 366.90 OK
r-release-linux-x86_64 0.1.0 66.73 147.94 214.67 OK
r-release-windows-ix86+x86_64 0.1.0 154.00 175.00 329.00 OK
r-release-osx-x86_64 0.1.0 OK
r-oldrel-windows-ix86+x86_64 0.1.0 147.00 181.00 328.00 OK
r-oldrel-osx-x86_64 0.1.0 OK

Check Details

Version: 0.1.0
Check: installed package size
Result: NOTE
     installed size is 5.7Mb
     sub-directories of 1Mb or more:
     libs 5.2Mb
Flavor: r-devel-linux-x86_64-fedora-clang