CRAN Package Check Results for Package lubridate

Last updated on 2017-12-18 21:11:10 CET.

Flavor Version Tinstall Tcheck Ttotal Status Flags
r-devel-linux-x86_64-debian-clang 1.7.1 25.19 74.54 99.73 ERROR
r-devel-linux-x86_64-debian-gcc 1.7.1 22.12 66.98 89.10 ERROR
r-devel-linux-x86_64-fedora-clang 1.7.1 141.12 ERROR
r-devel-linux-x86_64-fedora-gcc 1.7.1 131.91 ERROR
r-devel-windows-ix86+x86_64 1.7.1 68.00 142.00 210.00 OK
r-patched-linux-x86_64 1.7.1 26.57 98.02 124.59 OK
r-patched-solaris-x86 1.7.1 630.90 OK
r-release-linux-x86_64 1.7.1 26.69 86.18 112.87 OK
r-release-windows-ix86+x86_64 1.7.1 65.00 147.00 212.00 OK
r-release-osx-x86_64 1.7.1 OK
r-oldrel-windows-ix86+x86_64 1.7.1 87.00 199.00 286.00 OK
r-oldrel-osx-x86_64 1.7.1 OK

Additional issues

clang-UBSAN

Check Details

Version: 1.7.1
Check: use of S3 registration
Result: WARN
    Registered S3 method from a standard package overwritten by 'lubridate':
     method from
     c.POSIXct base
Flavors: r-devel-linux-x86_64-debian-clang, r-devel-linux-x86_64-debian-gcc, r-devel-linux-x86_64-fedora-clang, r-devel-linux-x86_64-fedora-gcc

Version: 1.7.1
Check: tests
Result: ERROR
     Running ‘testthat.R’ [24s/24s]
    Running the tests in ‘tests/testthat.R’ failed.
    Complete output:
     > if (packageVersion("testthat") >= "0.7.1.99") {
     + library(testthat)
     + test_check("lubridate")
     + }
     Loading required package: lubridate
    
     Attaching package: 'lubridate'
    
     The following object is masked from 'package:base':
    
     date
    
     ── 1. Failure: interval handles POSIXlt inputs (@test-intervals.R#88) ─────────
     unclass(interval(t1, t2)) not equal to unclass(...).
     Attributes: < Component "tzone": 1 string mismatch >
    
     ── 2. Failure: interval handles POSIXlt inputs (@test-intervals.R#95) ─────────
     unclass(interval(t1, t2)) not equal to unclass(...).
     Attributes: < Component "tzone": 1 string mismatch >
    
     ══ testthat results ═══════════════════════════════════════════════════════════
     OK: 2456 SKIPPED: 36 FAILED: 2
     1. Failure: interval handles POSIXlt inputs (@test-intervals.R#88)
     2. Failure: interval handles POSIXlt inputs (@test-intervals.R#95)
    
     Error: testthat unit tests failed
     Execution halted
Flavor: r-devel-linux-x86_64-debian-clang

Version: 1.7.1
Check: tests
Result: ERROR
     Running ‘testthat.R’ [21s/31s]
    Running the tests in ‘tests/testthat.R’ failed.
    Complete output:
     > if (packageVersion("testthat") >= "0.7.1.99") {
     + library(testthat)
     + test_check("lubridate")
     + }
     Loading required package: lubridate
    
     Attaching package: 'lubridate'
    
     The following object is masked from 'package:base':
    
     date
    
     ── 1. Failure: interval handles POSIXlt inputs (@test-intervals.R#88) ─────────
     unclass(interval(t1, t2)) not equal to unclass(...).
     Attributes: < Component "tzone": 1 string mismatch >
    
     ── 2. Failure: interval handles POSIXlt inputs (@test-intervals.R#95) ─────────
     unclass(interval(t1, t2)) not equal to unclass(...).
     Attributes: < Component "tzone": 1 string mismatch >
    
     ══ testthat results ═══════════════════════════════════════════════════════════
     OK: 2456 SKIPPED: 36 FAILED: 2
     1. Failure: interval handles POSIXlt inputs (@test-intervals.R#88)
     2. Failure: interval handles POSIXlt inputs (@test-intervals.R#95)
    
     Error: testthat unit tests failed
     Execution halted
Flavor: r-devel-linux-x86_64-debian-gcc

Version: 1.7.1
Check: tests
Result: ERROR
     Running ‘testthat.R’ [33s/85s]
    Running the tests in ‘tests/testthat.R’ failed.
    Complete output:
     > if (packageVersion("testthat") >= "0.7.1.99") {
     + library(testthat)
     + test_check("lubridate")
     + }
     Loading required package: lubridate
    
     Attaching package: 'lubridate'
    
     The following object is masked from 'package:base':
    
     date
    
     ── 1. Failure: interval handles POSIXlt inputs (@test-intervals.R#88) ─────────
     unclass(interval(t1, t2)) not equal to unclass(...).
     Attributes: < Component "tzone": 1 string mismatch >
    
     ── 2. Failure: interval handles POSIXlt inputs (@test-intervals.R#95) ─────────
     unclass(interval(t1, t2)) not equal to unclass(...).
     Attributes: < Component "tzone": 1 string mismatch >
    
     ══ testthat results ═══════════════════════════════════════════════════════════
     OK: 2456 SKIPPED: 36 FAILED: 2
     1. Failure: interval handles POSIXlt inputs (@test-intervals.R#88)
     2. Failure: interval handles POSIXlt inputs (@test-intervals.R#95)
    
     Error: testthat unit tests failed
     Execution halted
Flavor: r-devel-linux-x86_64-fedora-clang

Version: 1.7.1
Check: tests
Result: ERROR
     Running ‘testthat.R’ [30s/37s]
    Running the tests in ‘tests/testthat.R’ failed.
    Complete output:
     > if (packageVersion("testthat") >= "0.7.1.99") {
     + library(testthat)
     + test_check("lubridate")
     + }
     Loading required package: lubridate
    
     Attaching package: 'lubridate'
    
     The following object is masked from 'package:base':
    
     date
    
     ── 1. Failure: interval handles POSIXlt inputs (@test-intervals.R#88) ─────────
     unclass(interval(t1, t2)) not equal to unclass(...).
     Attributes: < Component "tzone": 1 string mismatch >
    
     ── 2. Failure: interval handles POSIXlt inputs (@test-intervals.R#95) ─────────
     unclass(interval(t1, t2)) not equal to unclass(...).
     Attributes: < Component "tzone": 1 string mismatch >
    
     ══ testthat results ═══════════════════════════════════════════════════════════
     OK: 2456 SKIPPED: 36 FAILED: 2
     1. Failure: interval handles POSIXlt inputs (@test-intervals.R#88)
     2. Failure: interval handles POSIXlt inputs (@test-intervals.R#95)
    
     Error: testthat unit tests failed
     Execution halted
Flavor: r-devel-linux-x86_64-fedora-gcc