CRAN Package Check Results for Package lue

Last updated on 2021-04-12 22:51:06 CEST.

Flavor Version Tinstall Tcheck Ttotal Status Flags
r-devel-linux-x86_64-debian-clang 0.2.1 2.13 28.03 30.16 OK
r-devel-linux-x86_64-debian-gcc 0.2.1 1.64 21.14 22.78 OK
r-devel-linux-x86_64-fedora-clang 0.2.1 45.04 NOTE
r-devel-linux-x86_64-fedora-gcc 0.2.1 35.53 NOTE
r-devel-windows-ix86+x86_64 0.2.1 6.00 36.00 42.00 OK
r-devel-windows-x86_64-gcc10-UCRT 0.2.1 NOTE
r-patched-linux-x86_64 0.2.1 1.94 26.04 27.98 OK
r-patched-solaris-x86 0.2.1 54.00 NOTE
r-release-linux-x86_64 0.2.1 1.98 26.17 28.15 OK
r-release-macos-x86_64 0.2.1 NOTE
r-release-windows-ix86+x86_64 0.2.1 5.00 42.00 47.00 OK
r-oldrel-macos-x86_64 0.2.1 NOTE
r-oldrel-windows-ix86+x86_64 0.2.1 4.00 31.00 35.00 OK

Check Details

Version: 0.2.1
Check: dependencies in R code
Result: NOTE
    Namespaces in Imports field not imported from:
     ‘ncdf4’ ‘raster’
     All declared Imports should be used.
Flavors: r-devel-linux-x86_64-fedora-clang, r-devel-linux-x86_64-fedora-gcc, r-devel-windows-x86_64-gcc10-UCRT, r-patched-solaris-x86, r-release-macos-x86_64, r-oldrel-macos-x86_64