CRAN Package Check Results for Package lue

Last updated on 2024-05-27 16:56:50 CEST.

Flavor Version Tinstall Tcheck Ttotal Status Flags
r-devel-linux-x86_64-debian-clang 0.2.1 2.28 46.37 48.65 OK
r-devel-linux-x86_64-debian-gcc 0.2.1 1.76 34.45 36.21 OK
r-devel-linux-x86_64-fedora-clang 0.2.1 58.94 NOTE
r-devel-linux-x86_64-fedora-gcc 0.2.1 59.07 NOTE
r-devel-windows-x86_64 0.2.1 3.00 58.00 61.00 OK
r-patched-linux-x86_64 0.2.1 2.12 43.77 45.89 OK
r-release-linux-x86_64 0.2.1 2.31 41.87 44.18 OK
r-release-macos-arm64 0.2.1 21.00 OK
r-release-windows-x86_64 0.2.1 3.00 53.00 56.00 OK
r-oldrel-macos-arm64 0.2.1 22.00 OK
r-oldrel-macos-x86_64 0.2.1 32.00 OK
r-oldrel-windows-x86_64 0.2.1 3.00 61.00 64.00 OK

Check Details

Version: 0.2.1
Check: dependencies in R code
Result: NOTE Namespaces in Imports field not imported from: ‘ncdf4’ ‘raster’ All declared Imports should be used. Flavors: r-devel-linux-x86_64-fedora-clang, r-devel-linux-x86_64-fedora-gcc