CRAN Package Check Results for Package lulcc

Last updated on 2020-10-24 04:50:50 CEST.

Flavor Version Tinstall Tcheck Ttotal Status Flags
r-devel-linux-x86_64-debian-clang 1.0.4 22.48 111.36 133.84 OK
r-devel-linux-x86_64-debian-gcc 1.0.4 17.93 83.72 101.65 OK
r-devel-linux-x86_64-fedora-clang 1.0.4 173.95 OK
r-devel-linux-x86_64-fedora-gcc 1.0.4 157.84 OK
r-devel-windows-ix86+x86_64 1.0.4 44.00 186.00 230.00 OK
r-patched-linux-x86_64 1.0.4 20.03 103.69 123.72 OK
r-patched-solaris-x86 1.0.4 218.10 OK
r-release-linux-x86_64 1.0.4 17.82 103.35 121.17 OK
r-release-macos-x86_64 1.0.4 OK
r-release-windows-ix86+x86_64 1.0.4 35.00 141.00 176.00 OK
r-oldrel-macos-x86_64 1.0.4 FAIL
r-oldrel-windows-ix86+x86_64 1.0.4 37.00 176.00 213.00 OK

Check Details

Version: 1.0.4
Check: examples
Result: FAIL
Flavor: r-oldrel-macos-x86_64