CRAN Package Check Results for Package lunar

Last updated on 2020-06-01 04:47:01 CEST.

Flavor Version Tinstall Tcheck Ttotal Status Flags
r-devel-linux-x86_64-debian-clang 0.1-04 2.15 18.99 21.14 NOTE
r-devel-linux-x86_64-debian-gcc 0.1-04 1.67 15.20 16.87 NOTE
r-devel-linux-x86_64-fedora-clang 0.1-04 35.95 NOTE
r-devel-linux-x86_64-fedora-gcc 0.1-04 25.20 NOTE
r-devel-windows-ix86+x86_64 0.1-04 7.00 26.00 33.00 NOTE
r-patched-linux-x86_64 0.1-04 2.15 18.95 21.10 NOTE
r-patched-solaris-x86 0.1-04 40.30 NOTE
r-release-linux-x86_64 0.1-04 1.78 18.84 20.62 NOTE
r-release-osx-x86_64 0.1-04 NOTE
r-release-windows-ix86+x86_64 0.1-04 5.00 44.00 49.00 NOTE
r-oldrel-osx-x86_64 0.1-04 NOTE
r-oldrel-windows-ix86+x86_64 0.1-04 5.00 37.00 42.00 NOTE

Check Details

Version: 0.1-04
Check: R code for possible problems
Result: NOTE
    terrestrial.season: no visible global function definition for 'is'
    Undefined global functions or variables:
     is
    Consider adding
     importFrom("methods", "is")
    to your NAMESPACE file (and ensure that your DESCRIPTION Imports field
    contains 'methods').
Flavors: r-devel-linux-x86_64-debian-clang, r-devel-linux-x86_64-debian-gcc, r-devel-linux-x86_64-fedora-clang, r-devel-linux-x86_64-fedora-gcc, r-devel-windows-ix86+x86_64, r-patched-linux-x86_64, r-patched-solaris-x86, r-release-linux-x86_64, r-release-osx-x86_64, r-release-windows-ix86+x86_64, r-oldrel-osx-x86_64, r-oldrel-windows-ix86+x86_64