CRAN Package Check Results for Package luzlogr

Last updated on 2022-01-22 22:52:16 CET.

Flavor Version Tinstall Tcheck Ttotal Status Flags
r-devel-linux-x86_64-debian-clang 0.2.0 2.01 34.03 36.04 NOTE
r-devel-linux-x86_64-debian-gcc 0.2.0 1.57 26.39 27.96 NOTE
r-devel-linux-x86_64-fedora-clang 0.2.0 44.86 NOTE
r-devel-linux-x86_64-fedora-gcc 0.2.0 33.25 NOTE
r-devel-windows-x86_64-new-UL 0.2.0 22.00 54.00 76.00 NOTE
r-devel-windows-x86_64-new-TK 0.2.0 NOTE
r-patched-linux-x86_64 0.2.0 1.96 31.62 33.58 NOTE
r-release-linux-x86_64 0.2.0 1.80 32.47 34.27 NOTE
r-release-macos-arm64 0.2.0 NOTE
r-release-macos-x86_64 0.2.0 NOTE
r-release-windows-ix86+x86_64 0.2.0 5.00 41.00 46.00 NOTE
r-oldrel-macos-x86_64 0.2.0 OK
r-oldrel-windows-ix86+x86_64 0.2.0 4.00 40.00 44.00 OK

Check Details

Version: 0.2.0
Check: LazyData
Result: NOTE
     'LazyData' is specified without a 'data' directory
Flavors: r-devel-linux-x86_64-debian-clang, r-devel-linux-x86_64-debian-gcc, r-devel-linux-x86_64-fedora-clang, r-devel-linux-x86_64-fedora-gcc, r-devel-windows-x86_64-new-UL, r-devel-windows-x86_64-new-TK, r-patched-linux-x86_64, r-release-linux-x86_64, r-release-macos-arm64, r-release-macos-x86_64, r-release-windows-ix86+x86_64

Version: 0.2.0
Check: for non-standard things in the check directory
Result: NOTE
    Found the following files/directories:
     'test'
Flavors: r-devel-linux-x86_64-debian-clang, r-devel-linux-x86_64-debian-gcc, r-devel-linux-x86_64-fedora-clang, r-devel-linux-x86_64-fedora-gcc, r-patched-linux-x86_64, r-release-linux-x86_64