CRAN Package Check Results for Package luzlogr

Last updated on 2020-04-08 21:47:25 CEST.

Flavor Version Tinstall Tcheck Ttotal Status Flags
r-devel-linux-x86_64-debian-clang 0.2.0 2.00 23.52 25.52 NOTE
r-devel-linux-x86_64-debian-gcc 0.2.0 1.59 18.89 20.48 NOTE
r-devel-linux-x86_64-fedora-clang 0.2.0 32.08 NOTE
r-devel-linux-x86_64-fedora-gcc 0.2.0 35.28 NOTE
r-devel-windows-ix86+x86_64 0.2.0 6.00 58.00 64.00 OK
r-devel-windows-ix86+x86_64-gcc8 0.2.0 5.00 35.00 40.00 OK
r-patched-linux-x86_64 0.2.0 1.72 23.31 25.03 NOTE
r-patched-solaris-x86 0.2.0 50.00 NOTE
r-release-linux-x86_64 0.2.0 1.42 21.69 23.11 OK
r-release-windows-ix86+x86_64 0.2.0 5.00 58.00 63.00 OK
r-release-osx-x86_64 0.2.0 OK
r-oldrel-windows-ix86+x86_64 0.2.0 4.00 36.00 40.00 OK
r-oldrel-osx-x86_64 0.2.0 OK

Check Details

Version: 0.2.0
Check: for non-standard things in the check directory
Result: NOTE
    Found the following files/directories:
     'test'
Flavors: r-devel-linux-x86_64-debian-clang, r-devel-linux-x86_64-debian-gcc, r-devel-linux-x86_64-fedora-clang, r-devel-linux-x86_64-fedora-gcc, r-patched-linux-x86_64, r-patched-solaris-x86