Last updated on 2021-01-24 16:46:40 CET.
Flavor | Version | Tinstall | Tcheck | Ttotal | Status | Flags |
---|---|---|---|---|---|---|
r-devel-linux-x86_64-debian-clang | 0.2.2 | 139.31 | 35.43 | 174.74 | OK | |
r-devel-linux-x86_64-debian-gcc | 0.2.2 | 84.86 | 27.69 | 112.55 | OK | |
r-devel-linux-x86_64-fedora-clang | 0.2.2 | 266.46 | NOTE | |||
r-devel-linux-x86_64-fedora-gcc | 0.2.2 | 215.85 | OK | |||
r-devel-windows-ix86+x86_64 | 0.2.2 | 420.00 | 65.00 | 485.00 | OK | |
r-patched-linux-x86_64 | 0.2.2 | 104.36 | 33.85 | 138.21 | OK | |
r-patched-solaris-x86 | 0.2.2 | 201.70 | OK | |||
r-release-linux-x86_64 | 0.2.2 | 104.78 | 33.92 | 138.70 | OK | |
r-release-macos-x86_64 | 0.2.2 | OK | ||||
r-release-windows-ix86+x86_64 | 0.2.2 | 326.00 | 85.00 | 411.00 | OK | |
r-oldrel-macos-x86_64 | 0.2.2 | OK | ||||
r-oldrel-windows-ix86+x86_64 | 0.2.2 | 302.00 | 80.00 | 382.00 | OK |
Version: 0.2.2
Check: installed package size
Result: NOTE
installed size is 6.3Mb
sub-directories of 1Mb or more:
libs 6.1Mb
Flavor: r-devel-linux-x86_64-fedora-clang