CRAN Package Check Results for Package lvmcomp

Last updated on 2022-01-23 12:05:15 CET.

Flavor Version Tinstall Tcheck Ttotal Status Flags
r-devel-linux-x86_64-debian-clang 1.2 73.57 46.20 119.77 OK
r-devel-linux-x86_64-debian-gcc 1.2 60.12 37.14 97.26 OK
r-devel-linux-x86_64-fedora-clang 1.2 186.50 OK
r-devel-linux-x86_64-fedora-gcc 1.2 157.34 OK
r-devel-windows-x86_64-new-UL 1.2 79.00 86.00 165.00 OK
r-devel-windows-x86_64-new-TK 1.2 OK
r-patched-linux-x86_64 1.2 72.34 43.48 115.82 OK
r-release-linux-x86_64 1.2 64.82 43.31 108.13 OK
r-release-macos-arm64 1.2 NOTE
r-release-macos-x86_64 1.2 OK
r-release-windows-ix86+x86_64 1.2 200.00 95.00 295.00 OK
r-oldrel-macos-x86_64 1.2 OK
r-oldrel-windows-ix86+x86_64 1.2 198.00 95.00 293.00 OK

Check Details

Version: 1.2
Check: installed package size
Result: NOTE
     installed size is 5.3Mb
     sub-directories of 1Mb or more:
     libs 5.2Mb
Flavor: r-release-macos-arm64