Last updated on 2022-06-28 13:50:02 CEST.
Flavor | Version | Tinstall | Tcheck | Ttotal | Status | Flags |
---|---|---|---|---|---|---|
r-devel-linux-x86_64-debian-clang | 1.2 | 87.43 | 38.65 | 126.08 | OK | |
r-devel-linux-x86_64-debian-gcc | 1.2 | 64.73 | 29.02 | 93.75 | OK | |
r-devel-linux-x86_64-fedora-clang | 1.2 | 193.81 | OK | |||
r-devel-linux-x86_64-fedora-gcc | 1.2 | 169.33 | OK | |||
r-devel-windows-x86_64 | 1.2 | 72.00 | 90.00 | 162.00 | OK | |
r-patched-linux-x86_64 | 1.2 | 73.97 | 37.23 | 111.20 | OK | |
r-release-linux-x86_64 | 1.2 | 73.11 | 37.07 | 110.18 | OK | |
r-release-macos-arm64 | 1.2 | 41.00 | OK | |||
r-release-macos-x86_64 | 1.2 | 58.00 | OK | |||
r-release-windows-x86_64 | 1.2 | 75.00 | 89.00 | 164.00 | OK | |
r-oldrel-macos-arm64 | 1.2 | 41.00 | NOTE | |||
r-oldrel-macos-x86_64 | 1.2 | 86.00 | OK | |||
r-oldrel-windows-ix86+x86_64 | 1.2 | 209.00 | 101.00 | 310.00 | OK |
Version: 1.2
Check: installed package size
Result: NOTE
installed size is 5.3Mb
sub-directories of 1Mb or more:
libs 5.2Mb
Flavor: r-oldrel-macos-arm64