CRAN Package Check Results for Package lvnet

Last updated on 2022-01-16 18:49:16 CET.

Flavor Version Tinstall Tcheck Ttotal Status Flags
r-devel-linux-x86_64-debian-clang 0.3.5 18.25 168.16 186.41 OK
r-devel-linux-x86_64-debian-gcc 0.3.5 17.58 127.28 144.86 OK
r-devel-linux-x86_64-fedora-clang 0.3.5 241.22 OK
r-devel-linux-x86_64-fedora-gcc 0.3.5 212.55 OK
r-devel-windows-x86_64-new-UL 0.3.5 25.00 178.00 203.00 OK
r-devel-windows-x86_64-new-TK 0.3.5 ERROR
r-patched-linux-x86_64 0.3.5 16.25 160.74 176.99 OK
r-release-linux-x86_64 0.3.5 OK
r-release-macos-arm64 0.3.5 OK
r-release-macos-x86_64 0.3.5 OK
r-release-windows-ix86+x86_64 0.3.5 46.00 184.00 230.00 OK
r-oldrel-macos-x86_64 0.3.5 OK
r-oldrel-windows-ix86+x86_64 0.3.5 46.00 189.00 235.00 OK

Check Details

Version: 0.3.5
Check: package dependencies
Result: ERROR
    Package required but not available: 'semPlot'
    
    See section 'The DESCRIPTION file' in the 'Writing R Extensions'
    manual.
Flavor: r-devel-windows-x86_64-new-TK