Last updated on 2023-06-04 18:56:52 CEST.
Flavor | Version | Tinstall | Tcheck | Ttotal | Status | Flags |
---|---|---|---|---|---|---|
r-devel-linux-x86_64-debian-clang | 0.2.1 | 51.53 | 67.76 | 119.29 | NOTE | |
r-devel-linux-x86_64-debian-gcc | 0.2.1 | 40.93 | 52.24 | 93.17 | NOTE | |
r-devel-linux-x86_64-fedora-clang | 0.2.1 | 158.50 | NOTE | |||
r-devel-linux-x86_64-fedora-gcc | 0.2.1 | 153.08 | NOTE | |||
r-devel-windows-x86_64 | 0.2.1 | 48.00 | 71.00 | 119.00 | NOTE | |
r-patched-linux-x86_64 | 0.2.1 | 55.67 | 63.88 | 119.55 | NOTE | |
r-release-linux-x86_64 | 0.2.1 | 53.25 | 63.42 | 116.67 | NOTE | |
r-release-macos-arm64 | 0.2.1 | 70.00 | NOTE | |||
r-release-macos-x86_64 | 0.2.1 | 92.00 | NOTE | |||
r-release-windows-x86_64 | 0.2.1 | 62.00 | 79.00 | 141.00 | OK | |
r-oldrel-macos-arm64 | 0.2.1 | 66.00 | OK | |||
r-oldrel-macos-x86_64 | 0.2.1 | 72.00 | OK | |||
r-oldrel-windows-x86_64 | 0.2.1 | 62.00 | 84.00 | 146.00 | OK |
Version: 0.2.1
Check: package dependencies
Result: NOTE
Package suggested but not available for checking: ‘depth’
Flavors: r-devel-linux-x86_64-debian-clang, r-devel-linux-x86_64-debian-gcc, r-devel-linux-x86_64-fedora-clang, r-devel-linux-x86_64-fedora-gcc, r-devel-windows-x86_64, r-patched-linux-x86_64, r-release-linux-x86_64, r-release-macos-arm64, r-release-macos-x86_64