CRAN Package Check Results for Package lwgeom

Last updated on 2019-04-25 15:54:03 CEST.

Flavor Version Tinstall Tcheck Ttotal Status Flags
r-devel-linux-x86_64-debian-clang 0.1-6 75.45 45.68 121.13 OK
r-devel-linux-x86_64-debian-gcc 0.1-6 55.86 39.31 95.17 OK
r-devel-linux-x86_64-fedora-clang 0.1-6 174.76 OK
r-devel-linux-x86_64-fedora-gcc 0.1-6 152.56 OK
r-devel-windows-ix86+x86_64 0.1-6 330.00 156.00 486.00 NOTE
r-patched-linux-x86_64 0.1-6 65.48 45.40 110.88 OK
r-patched-solaris-x86 0.1-6 169.30 OK
r-release-linux-x86_64 0.1-6 65.14 42.78 107.92 OK
r-release-windows-ix86+x86_64 0.1-6 251.00 141.00 392.00 NOTE
r-release-osx-x86_64 0.1-6 NOTE
r-oldrel-windows-ix86+x86_64 0.1-6 260.00 108.00 368.00 NOTE
r-oldrel-osx-x86_64 0.1-6 NOTE

Check Details

Version: 0.1-6
Check: installed package size
Result: NOTE
     installed size is 10.4Mb
     sub-directories of 1Mb or more:
     libs 5.3Mb
     proj 5.0Mb
Flavors: r-devel-windows-ix86+x86_64, r-release-windows-ix86+x86_64, r-release-osx-x86_64, r-oldrel-windows-ix86+x86_64, r-oldrel-osx-x86_64