CRAN Package Check Results for Package lymphclon

Last updated on 2022-01-27 09:49:37 CET.

Flavor Version Tinstall Tcheck Ttotal Status Flags
r-devel-linux-x86_64-debian-clang 1.3.0 7.67 73.73 81.40 NOTE
r-devel-linux-x86_64-debian-gcc 1.3.0 6.24 57.09 63.33 NOTE
r-devel-linux-x86_64-fedora-clang 1.3.0 95.07 NOTE
r-devel-linux-x86_64-fedora-gcc 1.3.0 87.09 NOTE
r-devel-windows-x86_64-new-UL 1.3.0 17.00 93.00 110.00 NOTE
r-devel-windows-x86_64-new-TK 1.3.0 NOTE
r-patched-linux-x86_64 1.3.0 6.03 68.46 74.49 NOTE
r-release-linux-x86_64 1.3.0 5.22 69.06 74.28 NOTE
r-release-macos-arm64 1.3.0 NOTE
r-release-macos-x86_64 1.3.0 NOTE
r-release-windows-ix86+x86_64 1.3.0 15.00 81.00 96.00 NOTE
r-oldrel-macos-x86_64 1.3.0 NOTE
r-oldrel-windows-ix86+x86_64 1.3.0 15.00 81.00 96.00 NOTE

Check Details

Version: 1.3.0
Check: R code for possible problems
Result: NOTE
    generate.clonal.data : pcr.rpareto.func: no visible global function
     definition for 'runif'
    generate.clonal.data : get.readcount.given.cellcount: no visible global
     function definition for 'rlnorm'
    generate.clonal.data: no visible global function definition for
     'rmultinom'
    generate.clonal.data: no visible global function definition for 'rpois'
    infer.clonality: no visible global function definition for 'cov'
    infer.clonality: no visible global function definition for
     'capture.output'
    Undefined global functions or variables:
     capture.output cov rlnorm rmultinom rpois runif
    Consider adding
     importFrom("stats", "cov", "rlnorm", "rmultinom", "rpois", "runif")
     importFrom("utils", "capture.output")
    to your NAMESPACE file.
Flavors: r-devel-linux-x86_64-debian-clang, r-devel-linux-x86_64-debian-gcc, r-devel-linux-x86_64-fedora-clang, r-devel-linux-x86_64-fedora-gcc, r-devel-windows-x86_64-new-UL, r-devel-windows-x86_64-new-TK, r-patched-linux-x86_64, r-release-linux-x86_64, r-release-macos-arm64, r-release-macos-x86_64, r-release-windows-ix86+x86_64, r-oldrel-macos-x86_64, r-oldrel-windows-ix86+x86_64