Last updated on 2022-08-14 11:53:04 CEST.
Flavor | Version | Tinstall | Tcheck | Ttotal | Status | Flags |
---|---|---|---|---|---|---|
r-devel-linux-x86_64-debian-clang | 1.0.2 | 32.37 | 80.02 | 112.39 | NOTE | |
r-devel-linux-x86_64-debian-gcc | 1.0.2 | 24.21 | 59.16 | 83.37 | NOTE | |
r-devel-linux-x86_64-fedora-clang | 1.0.2 | 169.33 | NOTE | |||
r-devel-linux-x86_64-fedora-gcc | 1.0.2 | 151.20 | NOTE | |||
r-devel-windows-x86_64 | 1.0.2 | 48.00 | 121.00 | 169.00 | NOTE | |
r-patched-linux-x86_64 | 1.0.2 | 32.22 | 74.86 | 107.08 | NOTE | |
r-release-linux-x86_64 | 1.0.2 | 28.73 | 76.59 | 105.32 | NOTE | |
r-release-macos-arm64 | 1.0.2 | 39.00 | NOTE | |||
r-release-macos-x86_64 | 1.0.2 | 74.00 | NOTE | |||
r-release-windows-x86_64 | 1.0.2 | 50.00 | 119.00 | 169.00 | NOTE | |
r-oldrel-macos-arm64 | 1.0.2 | 48.00 | NOTE | |||
r-oldrel-macos-x86_64 | 1.0.2 | 67.00 | NOTE | |||
r-oldrel-windows-ix86+x86_64 | 1.0.2 | 79.00 | 148.00 | 227.00 | NOTE |
Version: 1.0.2
Check: LazyData
Result: NOTE
'LazyData' is specified without a 'data' directory
Flavors: r-devel-linux-x86_64-debian-clang, r-devel-linux-x86_64-debian-gcc, r-devel-linux-x86_64-fedora-clang, r-devel-linux-x86_64-fedora-gcc, r-devel-windows-x86_64, r-patched-linux-x86_64, r-release-linux-x86_64, r-release-macos-arm64, r-release-macos-x86_64, r-release-windows-x86_64, r-oldrel-macos-arm64, r-oldrel-macos-x86_64, r-oldrel-windows-ix86+x86_64