CRAN Package Check Results for Package mGSZ

Last updated on 2020-03-31 14:48:13 CEST.

Flavor Version Tinstall Tcheck Ttotal Status Flags
r-devel-linux-x86_64-debian-clang 1.0 11.50 89.24 100.74 NOTE
r-devel-linux-x86_64-debian-gcc 1.0 8.53 68.88 77.41 NOTE
r-devel-linux-x86_64-fedora-clang 1.0 117.59 NOTE
r-devel-linux-x86_64-fedora-gcc 1.0 119.62 NOTE
r-devel-windows-ix86+x86_64 1.0 20.00 88.00 108.00 NOTE
r-devel-windows-ix86+x86_64-gcc8 1.0 20.00 90.00 110.00 NOTE
r-patched-linux-x86_64 1.0 9.98 86.02 96.00 NOTE
r-patched-solaris-x86 1.0 177.90 NOTE
r-release-linux-x86_64 1.0 9.25 79.36 88.61 NOTE
r-release-windows-ix86+x86_64 1.0 26.00 101.00 127.00 NOTE
r-release-osx-x86_64 1.0 NOTE
r-oldrel-windows-ix86+x86_64 1.0 17.00 117.00 134.00 NOTE
r-oldrel-osx-x86_64 1.0 NOTE

Check Details

Version: 1.0
Check: R code for possible problems
Result: NOTE
    calc_z_var: no visible binding for global variable 'median'
    diffScore: no visible global function definition for 'new'
    diffScore: no visible global function definition for 'model.matrix'
    logNORMcdf: no visible global function definition for 'pnorm'
    mGSZ.adj.mean.std: no visible binding for global variable 'sd'
    pick.data.cols: no visible binding for global variable 'var'
    plotProfile: no visible binding for global variable 'quantile'
    plotProfile: no visible global function definition for 'lines'
    plotProfile: no visible global function definition for 'legend'
    Undefined global functions or variables:
     legend lines median model.matrix new pnorm quantile sd var
    Consider adding
     importFrom("graphics", "legend", "lines")
     importFrom("methods", "new")
     importFrom("stats", "median", "model.matrix", "pnorm", "quantile",
     "sd", "var")
    to your NAMESPACE file (and ensure that your DESCRIPTION Imports field
    contains 'methods').
Flavors: r-devel-linux-x86_64-debian-clang, r-devel-linux-x86_64-debian-gcc, r-devel-linux-x86_64-fedora-clang, r-devel-linux-x86_64-fedora-gcc, r-devel-windows-ix86+x86_64, r-devel-windows-ix86+x86_64-gcc8, r-patched-linux-x86_64, r-patched-solaris-x86

Version: 1.0
Check: R code for possible problems
Result: NOTE
    calc_z_var: no visible binding for global variable ‘median’
    diffScore: no visible global function definition for ‘new’
    diffScore: no visible global function definition for ‘model.matrix’
    logNORMcdf: no visible global function definition for ‘pnorm’
    mGSZ.adj.mean.std: no visible binding for global variable ‘sd’
    pick.data.cols: no visible binding for global variable ‘var’
    plotProfile: no visible binding for global variable ‘quantile’
    plotProfile: no visible global function definition for ‘plot’
    plotProfile: no visible global function definition for ‘lines’
    plotProfile: no visible global function definition for ‘legend’
    Undefined global functions or variables:
     legend lines median model.matrix new plot pnorm quantile sd var
    Consider adding
     importFrom("graphics", "legend", "lines", "plot")
     importFrom("methods", "new")
     importFrom("stats", "median", "model.matrix", "pnorm", "quantile",
     "sd", "var")
    to your NAMESPACE file (and ensure that your DESCRIPTION Imports field
    contains 'methods').
Flavors: r-release-linux-x86_64, r-release-windows-ix86+x86_64, r-release-osx-x86_64, r-oldrel-windows-ix86+x86_64, r-oldrel-osx-x86_64