CRAN Package Check Results for Package mSTEM

Last updated on 2022-12-07 19:53:06 CET.

Flavor Version Tinstall Tcheck Ttotal Status Flags
r-devel-linux-x86_64-debian-clang 1.0-1 3.03 31.98 35.01 NOTE
r-devel-linux-x86_64-debian-gcc 1.0-1 2.68 25.14 27.82 NOTE
r-devel-linux-x86_64-fedora-clang 1.0-1 48.60 NOTE
r-devel-linux-x86_64-fedora-gcc 1.0-1 56.09 NOTE
r-devel-windows-x86_64 1.0-1 8.00 62.00 70.00 NOTE
r-patched-linux-x86_64 1.0-1 4.02 31.15 35.17 NOTE
r-release-linux-x86_64 1.0-1 3.62 30.44 34.06 NOTE
r-release-macos-arm64 1.0-1 18.00 NOTE
r-release-macos-x86_64 1.0-1 22.00 NOTE
r-release-windows-x86_64 1.0-1 13.00 59.00 72.00 NOTE
r-oldrel-macos-arm64 1.0-1 20.00 NOTE
r-oldrel-macos-x86_64 1.0-1 28.00 NOTE
r-oldrel-windows-ix86+x86_64 1.0-1 7.00 48.00 55.00 NOTE

Check Details

Version: 1.0-1
Check: LazyData
Result: NOTE
     'LazyData' is specified without a 'data' directory
Flavors: r-devel-linux-x86_64-debian-clang, r-devel-linux-x86_64-debian-gcc, r-devel-linux-x86_64-fedora-clang, r-devel-linux-x86_64-fedora-gcc, r-devel-windows-x86_64, r-patched-linux-x86_64, r-release-linux-x86_64, r-release-macos-arm64, r-release-macos-x86_64, r-release-windows-x86_64, r-oldrel-macos-arm64, r-oldrel-macos-x86_64, r-oldrel-windows-ix86+x86_64